
{"id":939,"date":"2014-01-14T12:08:22","date_gmt":"2014-01-14T11:08:22","guid":{"rendered":"http:\/\/gs-cms.com\/?page_id=939"},"modified":"2016-01-28T00:11:23","modified_gmt":"2016-01-27T23:11:23","slug":"planoptionen","status":"publish","type":"page","link":"https:\/\/gs-cms.com\/?page_id=939","title":{"rendered":"Planoptionen"},"content":{"rendered":"<p><img loading=\"lazy\" decoding=\"async\" data-attachment-id=\"971\" data-permalink=\"https:\/\/gs-cms.com\/?attachment_id=971\" data-orig-file=\"https:\/\/gs-cms.com\/wp-content\/uploads\/Options-e1390558954714.png\" data-orig-size=\"32,32\" data-comments-opened=\"1\" data-image-meta=\"{&quot;aperture&quot;:&quot;0&quot;,&quot;credit&quot;:&quot;&quot;,&quot;camera&quot;:&quot;&quot;,&quot;caption&quot;:&quot;&quot;,&quot;created_timestamp&quot;:&quot;0&quot;,&quot;copyright&quot;:&quot;&quot;,&quot;focal_length&quot;:&quot;0&quot;,&quot;iso&quot;:&quot;0&quot;,&quot;shutter_speed&quot;:&quot;0&quot;,&quot;title&quot;:&quot;&quot;,&quot;orientation&quot;:&quot;0&quot;}\" data-image-title=\"Options\" data-image-description=\"\" data-image-caption=\"\" data-large-file=\"https:\/\/gs-cms.com\/wp-content\/uploads\/Options-e1390558954714.png\" class=\"alignnone size-full wp-image-971\" src=\"https:\/\/gs-cms.com\/wp-content\/uploads\/Options.png\" alt=\"Options\" width=\"32\" height=\"32\" \/><\/p>\n<p>Bei den Planoptionen k\u00f6nnen die Auswahloptionen f\u00fcr die Planverwaltung des Projekts festgelegt werden. Zu jedem Eintrag muss ein Symbol als K\u00fcrzel eingegeben werden, welches f\u00fcr die automatische Generierung der Plannummern verwendet wird.<\/p>\n<p>Definiert werden k\u00f6nnen:<\/p>\n<ul>\n<li><strong>Planer <\/strong>&#8211; Muss zuvor bei den Projektbeteiligten angelegt worden sein.<\/li>\n<li><strong>Planungsphasen<\/strong> &#8211; z.B. Vorplanung, Entwurfsplanung, usw.<\/li>\n<li><strong>Planungsstadien<\/strong> &#8211; z.B. Vorabzug, zur Freigabe, 100%-Planung, usw.<\/li>\n<li><strong>Plantypen<\/strong> &#8211; z.B. Ansicht, Schnitte, Details, usw.<\/li>\n<li><strong>Planarten<\/strong> &#8211; z.B. Architektur, Abbruchplan, usw.<\/li>\n<li><strong>Ebenen<\/strong> &#8211; Hier k\u00f6nnen die vorhandenen Projektebenen mit einem Symbol versehen werden, damit sie in der Planverwaltung verwendet werden k\u00f6nnen.<\/li>\n<\/ul>\n<p><a href=\"https:\/\/gs-cms.com\/wp-content\/uploads\/Planverwaltung-Optionen.jpg\" data-rel=\"lightbox-gallery-fpUbLqse\" data-rl_title=\"\" data-rl_caption=\"\" title=\"\"><img loading=\"lazy\" decoding=\"async\" data-attachment-id=\"924\" data-permalink=\"https:\/\/gs-cms.com\/?attachment_id=924\" data-orig-file=\"https:\/\/gs-cms.com\/wp-content\/uploads\/Planverwaltung-Optionen.jpg\" data-orig-size=\"400,370\" data-comments-opened=\"1\" data-image-meta=\"{&quot;aperture&quot;:&quot;0&quot;,&quot;credit&quot;:&quot;&quot;,&quot;camera&quot;:&quot;&quot;,&quot;caption&quot;:&quot;&quot;,&quot;created_timestamp&quot;:&quot;0&quot;,&quot;copyright&quot;:&quot;&quot;,&quot;focal_length&quot;:&quot;0&quot;,&quot;iso&quot;:&quot;0&quot;,&quot;shutter_speed&quot;:&quot;0&quot;,&quot;title&quot;:&quot;&quot;,&quot;orientation&quot;:&quot;0&quot;}\" data-image-title=\"Planverwaltung Optionen\" data-image-description=\"\" data-image-caption=\"\" data-large-file=\"https:\/\/gs-cms.com\/wp-content\/uploads\/Planverwaltung-Optionen.jpg\" class=\"alignnone size-full wp-image-924\" src=\"https:\/\/gs-cms.com\/wp-content\/uploads\/Planverwaltung-Optionen.jpg\" alt=\"Planverwaltung Optionen\" width=\"400\" height=\"370\" srcset=\"https:\/\/gs-cms.com\/wp-content\/uploads\/Planverwaltung-Optionen.jpg 400w, https:\/\/gs-cms.com\/wp-content\/uploads\/Planverwaltung-Optionen-300x277.jpg 300w\" sizes=\"auto, (max-width: 400px) 100vw, 400px\" \/><\/a><\/p>\n<p>Neben den Auswahloptionen kann auch eine Plannummer definiert werden.<\/p>\n<p><a href=\"https:\/\/gs-cms.com\/wp-content\/uploads\/Planverwaltung-Optionen-Plannummer.jpg\" data-rel=\"lightbox-gallery-fpUbLqse\" data-rl_title=\"\" data-rl_caption=\"\" title=\"\"><img loading=\"lazy\" decoding=\"async\" data-attachment-id=\"923\" data-permalink=\"https:\/\/gs-cms.com\/?attachment_id=923\" data-orig-file=\"https:\/\/gs-cms.com\/wp-content\/uploads\/Planverwaltung-Optionen-Plannummer.jpg\" data-orig-size=\"400,370\" data-comments-opened=\"1\" data-image-meta=\"{&quot;aperture&quot;:&quot;0&quot;,&quot;credit&quot;:&quot;&quot;,&quot;camera&quot;:&quot;&quot;,&quot;caption&quot;:&quot;&quot;,&quot;created_timestamp&quot;:&quot;0&quot;,&quot;copyright&quot;:&quot;&quot;,&quot;focal_length&quot;:&quot;0&quot;,&quot;iso&quot;:&quot;0&quot;,&quot;shutter_speed&quot;:&quot;0&quot;,&quot;title&quot;:&quot;&quot;,&quot;orientation&quot;:&quot;0&quot;}\" data-image-title=\"Planverwaltung Optionen Plannummer\" data-image-description=\"\" data-image-caption=\"\" data-large-file=\"https:\/\/gs-cms.com\/wp-content\/uploads\/Planverwaltung-Optionen-Plannummer.jpg\" class=\"alignnone size-full wp-image-923\" src=\"https:\/\/gs-cms.com\/wp-content\/uploads\/Planverwaltung-Optionen-Plannummer.jpg\" alt=\"Planverwaltung Optionen Plannummer\" width=\"400\" height=\"370\" srcset=\"https:\/\/gs-cms.com\/wp-content\/uploads\/Planverwaltung-Optionen-Plannummer.jpg 400w, https:\/\/gs-cms.com\/wp-content\/uploads\/Planverwaltung-Optionen-Plannummer-300x277.jpg 300w\" sizes=\"auto, (max-width: 400px) 100vw, 400px\" \/><\/a><\/p>\n<p>Diese besteht aus Platzhaltern f\u00fcr die einzelnen Planoptionen und beliebigen Trennzeichen zwischen diesen Platzhaltern (z.B. Bindestriche). Die Platzhalter k\u00f6nnen mit der rechten Maustaste in die Definition eingef\u00fcgt. Hierzu muss sich der Eingabecursor an der Position befinden, wo der Platzhalter eingef\u00fcgt werden soll.<\/p>\n<p>Unterhalb der Definition wird ein Beispiel f\u00fcr eine Plannummer angezeigt. Falls die eingegebene Plannummerndefinition nicht g\u00fcltig ist wird dies angezeigt.<\/p>\n<p>Mit dem Blitz-Button k\u00f6nnen die Plannummern aller Pl\u00e4ne neu vergeben werden. Diese werden gem\u00e4\u00df der Plannummerndefinition automatisch generiert.<\/p>\n<h3>Weiterf\u00fchrende Themen<\/h3>\n<ul>\n<li><a title=\"Optionen\" href=\"https:\/\/gs-cms.com\/?page_id=332\">Optionen<\/a><\/li>\n<\/ul>\n","protected":false},"excerpt":{"rendered":"<p>Bei den Planoptionen k\u00f6nnen die Auswahloptionen f\u00fcr die Planverwaltung des Projekts festgelegt werden. Zu jedem Eintrag muss ein Symbol als K\u00fcrzel eingegeben werden, welches f\u00fcr die automatische Generierung der Plannummern verwendet wird. Definiert werden k\u00f6nnen: Planer &#8211; Muss zuvor bei den Projektbeteiligten angelegt worden sein. Planungsphasen &#8211; z.B. Vorplanung, Entwurfsplanung, usw. Planungsstadien &#8211; z.B. Vorabzug,&hellip;<\/p>\n","protected":false},"author":11,"featured_media":0,"parent":915,"menu_order":7,"comment_status":"closed","ping_status":"closed","template":"helppage.php","meta":{"_bbp_topic_count":0,"_bbp_reply_count":0,"_bbp_total_topic_count":0,"_bbp_total_reply_count":0,"_bbp_voice_count":0,"_bbp_anonymous_reply_count":0,"_bbp_topic_count_hidden":0,"_bbp_reply_count_hidden":0,"_bbp_forum_subforum_count":0,"footnotes":""},"class_list":["post-939","page","type-page","status-publish","hentry"],"aioseo_notices":[],"jetpack_sharing_enabled":true,"jetpack-related-posts":[{"id":36,"url":"https:\/\/gs-cms.com\/?page_id=36","url_meta":{"origin":939,"position":0},"title":"Planverwaltung","author":"Patrick Schimmel","date":"Dienstag, 19. November 2013","format":false,"excerpt":"W\u00fcrden Sie gerne Ihre Pl\u00e4ne zentral verwalten, so dass alle Projektbeteiligten immer Zugriff auf die aktuelle Planversion haben? \u00dcbersicht Kooperation Auftraggeber und Nachunternehmer k\u00f6nnen einen eingeschr\u00e4nkten Zugang erhalten, um z.B. Pl\u00e4ne herunterzuladen Historie Alle eingelesenen Planversionen bleiben erhalten und k\u00f6nnen eingesehen werden Planversand Dokumentation von Planeingang und Planversand Strukturierung Einheitliche,\u2026","rel":"","context":"In \"featured\"","block_context":{"text":"featured","link":"https:\/\/gs-cms.com\/?tag=featured"},"img":{"alt_text":"Meetings","src":"https:\/\/i0.wp.com\/gs-cms.com\/wp-content\/uploads\/Meetings.png?resize=350%2C200&ssl=1","width":350,"height":200},"classes":[]},{"id":342,"url":"https:\/\/gs-cms.com\/?page_id=342","url_meta":{"origin":939,"position":1},"title":"Projektoptionen","author":"Patrick Schimmel","date":"Samstag, 14. Dezember 2013","format":false,"excerpt":"Die Projektoptionen enthalten Grunddaten der Projekte, die f\u00fcr die Strukturierung und Ausgabe der Projektdaten wichtig sind. Falls die projektbezogenen Module f\u00fcr Projekte eingesetzt werden, so sollten diese Daten zuvor angelegt werden. Ebenen Die Daten der projektbezogenen Module k\u00f6nnen in 3 Ebenen untergliedert werden. Die Ebenen stellen Attribute dar, mit denen\u2026","rel":"","context":"In \"Optionen\"","block_context":{"text":"Optionen","link":"https:\/\/gs-cms.com\/?tag=optionen"},"img":{"alt_text":"","src":"https:\/\/i0.wp.com\/gs-cms.com\/wp-content\/uploads\/Projektoptionen-Logos.jpg?resize=350%2C200&ssl=1","width":350,"height":200,"srcset":"https:\/\/i0.wp.com\/gs-cms.com\/wp-content\/uploads\/Projektoptionen-Logos.jpg?resize=350%2C200&ssl=1 1x, https:\/\/i0.wp.com\/gs-cms.com\/wp-content\/uploads\/Projektoptionen-Logos.jpg?resize=525%2C300&ssl=1 1.5x"},"classes":[]},{"id":933,"url":"https:\/\/gs-cms.com\/?page_id=933","url_meta":{"origin":939,"position":2},"title":"Planverwaltung","author":"Patrick Schimmel","date":"Dienstag, 14. Januar 2014","format":false,"excerpt":"Plan hinzuf\u00fcgen Durch einen Mausklick auf den Plus-Button in der Toolbar der Planverwaltung wird ein neuer Plan aus einer Datei eingelesen. Plan bearbeiten Das Detailfenster zum Bearbeiten von Pl\u00e4nen wird durch einen Doppelklick auf eine Zeile der Tabelle im Hauptfenster der Planverwaltung ge\u00f6ffnet. Im oberen Bereich des Detailfenster wird die\u2026","rel":"","context":"In \"Pl\u00e4ne\"","block_context":{"text":"Pl\u00e4ne","link":"https:\/\/gs-cms.com\/?tag=plaene"},"img":{"alt_text":"Add","src":"https:\/\/i0.wp.com\/gs-cms.com\/wp-content\/uploads\/Add.png?resize=350%2C200&ssl=1","width":350,"height":200},"classes":[]},{"id":1631,"url":"https:\/\/gs-cms.com\/?page_id=1631","url_meta":{"origin":939,"position":3},"title":"Berichte","author":"Patrick Schimmel","date":"Donnerstag, 9. Oktober 2014","format":false,"excerpt":"Berichte dienen der strukturierten Ausgabe Ihrer Daten. \u00dcber die Berichte k\u00f6nnen Sie Ihre Daten in \u00fcbersichtlicher Form in beliebigem Detaillierungsgrad darstellen und drucken oder in verschiedene Formate exportieren (z.B. PDF, Office-Formate (Excel, Word), Bildformate, usw.). Mit dem integrierten Berichtseditor k\u00f6nnen Sie einfach neue Berichte selbst erstellen, oder die vorhandenen Berichte\u2026","rel":"","context":"In \"Berichte\"","block_context":{"text":"Berichte","link":"https:\/\/gs-cms.com\/?tag=berichte"},"img":{"alt_text":"Berichtseditor","src":"https:\/\/i0.wp.com\/gs-cms.com\/wp-content\/uploads\/Bericht-300x90.jpg?resize=350%2C200&ssl=1","width":350,"height":200},"classes":[]},{"id":11,"url":"https:\/\/gs-cms.com\/?page_id=11","url_meta":{"origin":939,"position":4},"title":"Construction Management System","author":"Patrick Schimmel","date":"Dienstag, 19. November 2013","format":false,"excerpt":"Das Construction Management System CMS ist eine umfangreiche Software zur vertragssicheren Dokumentation und Verwaltung von Bauprojekten. Es umfasst alle Phasen des Bauprojekts, von der Projektakquise \u00fcber die Bauausf\u00fchrung bis hin zur Gew\u00e4hrleistung. Einmal eingetragene Informationen werden in einer zentralen Datenbank gespeichert und k\u00f6nnen \u00fcber frei definierbare Berichte beliebig ausgewertet und\u2026","rel":"","context":"\u00c4hnlicher Beitrag","block_context":{"text":"\u00c4hnlicher Beitrag","link":""},"img":{"alt_text":"Projektzyklus","src":"https:\/\/i0.wp.com\/gs-cms.com\/wp-content\/uploads\/Projektzyklus-300x221.png?resize=350%2C200&ssl=1","width":350,"height":200},"classes":[]},{"id":915,"url":"https:\/\/gs-cms.com\/?page_id=915","url_meta":{"origin":939,"position":5},"title":"Planverwaltung","author":"Patrick Schimmel","date":"Dienstag, 14. Januar 2014","format":false,"excerpt":"In der Planverwaltung k\u00f6nnen Pl\u00e4ne mit Planeingang, Versionierung und dem Planversand verwaltet und \u00fcberwacht werden. Die veralteten Pl\u00e4ne k\u00f6nnen in verschiedenen Dateiformaten auf den Server hochgeladen werden. Zu jedem Plan k\u00f6nnen beliebig viele Planversionen (\u00dcberarbeitungen) angelegt werden. Die Versionen werden \u00fcber den Planindex unterschieden. Wird eine aktualisierte Version eines Plans\u2026","rel":"","context":"In \"Besprechungen\"","block_context":{"text":"Besprechungen","link":"https:\/\/gs-cms.com\/?tag=besprechungen"},"img":{"alt_text":"Planverwaltung","src":"https:\/\/i0.wp.com\/gs-cms.com\/wp-content\/uploads\/Planverwaltung-1024x566.jpg?resize=350%2C200&ssl=1","width":350,"height":200,"srcset":"https:\/\/i0.wp.com\/gs-cms.com\/wp-content\/uploads\/Planverwaltung-1024x566.jpg?resize=350%2C200&ssl=1 1x, https:\/\/i0.wp.com\/gs-cms.com\/wp-content\/uploads\/Planverwaltung-1024x566.jpg?resize=525%2C300&ssl=1 1.5x, https:\/\/i0.wp.com\/gs-cms.com\/wp-content\/uploads\/Planverwaltung-1024x566.jpg?resize=700%2C400&ssl=1 2x"},"classes":[]}],"_links":{"self":[{"href":"https:\/\/gs-cms.com\/index.php?rest_route=\/wp\/v2\/pages\/939","targetHints":{"allow":["GET"]}}],"collection":[{"href":"https:\/\/gs-cms.com\/index.php?rest_route=\/wp\/v2\/pages"}],"about":[{"href":"https:\/\/gs-cms.com\/index.php?rest_route=\/wp\/v2\/types\/page"}],"author":[{"embeddable":true,"href":"https:\/\/gs-cms.com\/index.php?rest_route=\/wp\/v2\/users\/11"}],"replies":[{"embeddable":true,"href":"https:\/\/gs-cms.com\/index.php?rest_route=%2Fwp%2Fv2%2Fcomments&post=939"}],"version-history":[{"count":0,"href":"https:\/\/gs-cms.com\/index.php?rest_route=\/wp\/v2\/pages\/939\/revisions"}],"up":[{"embeddable":true,"href":"https:\/\/gs-cms.com\/index.php?rest_route=\/wp\/v2\/pages\/915"}],"wp:attachment":[{"href":"https:\/\/gs-cms.com\/index.php?rest_route=%2Fwp%2Fv2%2Fmedia&parent=939"}],"curies":[{"name":"wp","href":"https:\/\/api.w.org\/{rel}","templated":true}]}}