
{"id":881,"date":"2014-01-13T14:47:06","date_gmt":"2014-01-13T13:47:06","guid":{"rendered":"http:\/\/gs-cms.com\/?page_id=881"},"modified":"2016-01-28T00:08:21","modified_gmt":"2016-01-27T23:08:21","slug":"bildverwaltung","status":"publish","type":"page","link":"https:\/\/gs-cms.com\/?page_id=881","title":{"rendered":"Bildverwaltung"},"content":{"rendered":"<p>In der Bildverwaltung werden die Fotos des aktuellen Projekts gesammelt. Durch die Vergabe von Attributen k\u00f6nnen die eingelesenen Bilder sortiert oder gruppiert ausgegeben und sp\u00e4ter sehr einfach wiedergefunden werden.<\/p>\n<p><a href=\"https:\/\/gs-cms.com\/wp-content\/uploads\/Bilder.jpg\" data-rel=\"lightbox-gallery-FygMd3V2\" data-rl_title=\"\" data-rl_caption=\"\" title=\"\"><img loading=\"lazy\" decoding=\"async\" data-attachment-id=\"978\" data-permalink=\"https:\/\/gs-cms.com\/?attachment_id=978\" data-orig-file=\"https:\/\/gs-cms.com\/wp-content\/uploads\/Bilder.jpg\" data-orig-size=\"1598,850\" data-comments-opened=\"1\" data-image-meta=\"{&quot;aperture&quot;:&quot;0&quot;,&quot;credit&quot;:&quot;&quot;,&quot;camera&quot;:&quot;&quot;,&quot;caption&quot;:&quot;&quot;,&quot;created_timestamp&quot;:&quot;0&quot;,&quot;copyright&quot;:&quot;&quot;,&quot;focal_length&quot;:&quot;0&quot;,&quot;iso&quot;:&quot;0&quot;,&quot;shutter_speed&quot;:&quot;0&quot;,&quot;title&quot;:&quot;&quot;,&quot;orientation&quot;:&quot;0&quot;}\" data-image-title=\"Bildverwaltung\" data-image-description=\"\" data-image-caption=\"&lt;p&gt;Bildverwaltung&lt;\/p&gt;\n\" data-large-file=\"https:\/\/gs-cms.com\/wp-content\/uploads\/Bilder-1024x544.jpg\" class=\"alignnone wp-image-978 size-large\" src=\"https:\/\/gs-cms.com\/wp-content\/uploads\/Bilder-1024x544.jpg\" alt=\"Bilder\" width=\"720\" height=\"382\" srcset=\"https:\/\/gs-cms.com\/wp-content\/uploads\/Bilder-1024x544.jpg 1024w, https:\/\/gs-cms.com\/wp-content\/uploads\/Bilder-300x159.jpg 300w, https:\/\/gs-cms.com\/wp-content\/uploads\/Bilder.jpg 1598w\" sizes=\"auto, (max-width: 720px) 100vw, 720px\" \/><\/a><\/p>\n<p>Angelegte Bilder k\u00f6nnen im Bautagebuch und in der M\u00e4ngelverwaltung verlinkt werden.<\/p>\n","protected":false},"excerpt":{"rendered":"<p>In der Bildverwaltung werden die Fotos des aktuellen Projekts gesammelt. Durch die Vergabe von Attributen k\u00f6nnen die eingelesenen Bilder sortiert oder gruppiert ausgegeben und sp\u00e4ter sehr einfach wiedergefunden werden. Angelegte Bilder k\u00f6nnen im Bautagebuch und in der M\u00e4ngelverwaltung verlinkt werden.<\/p>\n","protected":false},"author":11,"featured_media":0,"parent":29,"menu_order":2,"comment_status":"closed","ping_status":"closed","template":"helppage.php","meta":{"_bbp_topic_count":0,"_bbp_reply_count":0,"_bbp_total_topic_count":0,"_bbp_total_reply_count":0,"_bbp_voice_count":0,"_bbp_anonymous_reply_count":0,"_bbp_topic_count_hidden":0,"_bbp_reply_count_hidden":0,"_bbp_forum_subforum_count":0,"jetpack_post_was_ever_published":false,"footnotes":""},"class_list":["post-881","page","type-page","status-publish","hentry"],"aioseo_notices":[],"jetpack_sharing_enabled":true,"jetpack-related-posts":[{"id":33,"url":"https:\/\/gs-cms.com\/?page_id=33","url_meta":{"origin":881,"position":0},"title":"Bildverwaltung","author":"Patrick Schimmel","date":"Dienstag, 19. November 2013","format":false,"excerpt":"W\u00fcrden Sie gerne alle wichtigen Bilder eines Projekts strukturiert ablegen und einfach wiederfinden? \u00dcbersicht Galerie Erzeugen einer HTML-Bildergalerie zum Ver\u00f6ffentlichen der Photos auf Webseiten Zuordnung zu Bautagesberichten Alle erfassten Bilder k\u00f6nnen mit Bautagesberichten verkn\u00fcpft werden, auch automatisch nach Aufnahmedatum Zuordnung zu M\u00e4ngeln Alle erfassten Bilder k\u00f6nnen mit M\u00e4ngeln verkn\u00fcpft werden\u2026","rel":"","context":"In \"Bilder\"","block_context":{"text":"Bilder","link":"https:\/\/gs-cms.com\/?tag=bilder"},"img":{"alt_text":"PhotoGallery","src":"https:\/\/i0.wp.com\/gs-cms.com\/wp-content\/uploads\/PhotoGallery-e1390558834919.png?resize=350%2C200&ssl=1","width":350,"height":200},"classes":[]},{"id":883,"url":"https:\/\/gs-cms.com\/?page_id=883","url_meta":{"origin":881,"position":1},"title":"Bilder","author":"Patrick Schimmel","date":"Montag, 13. Januar 2014","format":false,"excerpt":"Bild hinzuf\u00fcgen Mit dieser Funktion k\u00f6nnen mehrere Bilder auf einmal in die Datenbank hochgeladen werden. In dem Fenster zum Hochladen der Bilder befindet sich auf der linken Seite eine Liste mit Bilddateien, die hochzuladen sind. Mit dem Plus-Button und dem Minus-Button werden neue Dateien der Liste hinzugef\u00fcgt, bzw. vorhandene Eintr\u00e4ge\u2026","rel":"","context":"In \"Bilder\"","block_context":{"text":"Bilder","link":"https:\/\/gs-cms.com\/?tag=bilder"},"img":{"alt_text":"","src":"https:\/\/i0.wp.com\/gs-cms.com\/wp-content\/uploads\/Bilder-hinzufuegen.jpg?resize=350%2C200&ssl=1","width":350,"height":200,"srcset":"https:\/\/i0.wp.com\/gs-cms.com\/wp-content\/uploads\/Bilder-hinzufuegen.jpg?resize=350%2C200&ssl=1 1x, https:\/\/i0.wp.com\/gs-cms.com\/wp-content\/uploads\/Bilder-hinzufuegen.jpg?resize=525%2C300&ssl=1 1.5x, https:\/\/i0.wp.com\/gs-cms.com\/wp-content\/uploads\/Bilder-hinzufuegen.jpg?resize=700%2C400&ssl=1 2x"},"classes":[]},{"id":891,"url":"https:\/\/gs-cms.com\/?page_id=891","url_meta":{"origin":881,"position":2},"title":"Bildergalerie erzeugen","author":"Patrick Schimmel","date":"Montag, 13. Januar 2014","format":false,"excerpt":"Mit dieser Funktion wird eine kleine Webseite erzeugt, die auf einen Webserver hochgeladen oder lokal zum Betrachten der Bilder ohne das Programm verwendet werden kann. Hierf\u00fcr muss der Pfad zu einem leeren Verzeichnis angegeben werden. Hier werden dann die Bilddateien und weitere Dateien f\u00fcr die Webseite angelegt. Der Start der\u2026","rel":"","context":"In \"Bilder\"","block_context":{"text":"Bilder","link":"https:\/\/gs-cms.com\/?tag=bilder"},"img":{"alt_text":"PhotoGallery","src":"https:\/\/i0.wp.com\/gs-cms.com\/wp-content\/uploads\/PhotoGallery.png?resize=350%2C200&ssl=1","width":350,"height":200},"classes":[]},{"id":2059,"url":"https:\/\/gs-cms.com\/?page_id=2059","url_meta":{"origin":881,"position":3},"title":"CMSMobile (Android)","author":"Patrick Schimmel","date":"Dienstag, 30. Dezember 2014","format":false,"excerpt":"CMSMobile ist die mobile Datenerfassung f\u00fcr das Construction Management System CMS. Systemvoraussetzungen Um CMSMobile\u00a0zu verwenden ben\u00f6tigen\u00a0Sie ein Ger\u00e4t mit Android Betriebssystem. Die erforderliche Mindestversion von Android ist 4.4.2. Des weiteren m\u00fcssen Sie den\u00a0CMS Web Service (CMS WebAPI) installieren und so konfigurieren, dass der Web\u00a0Service\u00a0Zugriff auf Ihre Datenbank erh\u00e4lt. Details zur\u2026","rel":"","context":"\u00c4hnlicher Beitrag","block_context":{"text":"\u00c4hnlicher Beitrag","link":""},"img":{"alt_text":"CMSMobile Main","src":"https:\/\/i0.wp.com\/gs-cms.com\/wp-content\/uploads\/CMSMobile-Main-182x300.png?resize=350%2C200&ssl=1","width":350,"height":200},"classes":[]},{"id":832,"url":"https:\/\/gs-cms.com\/?page_id=832","url_meta":{"origin":881,"position":4},"title":"M\u00e4ngel","author":"Patrick Schimmel","date":"Montag, 13. Januar 2014","format":false,"excerpt":"Mangel hinzuf\u00fcgen Durch einen Mausklick auf das Plus-Symbol in der Toolbar der Mangelverwaltung wird ein neuer Mangel angelegt. Mangel bearbeiten Das Detailfenster zum Bearbeiten von M\u00e4ngeln wird durch einen Doppelklick auf eine Zeile im Hauptfenster der M\u00e4ngelverwaltung ge\u00f6ffnet. Allgemein \u00a0 Hier werden die Grunddaten des Mangels eingegeben (z.B. der Mangeltyp\u2026","rel":"","context":"In \"M\u00e4ngel\"","block_context":{"text":"M\u00e4ngel","link":"https:\/\/gs-cms.com\/?tag=maengel"},"img":{"alt_text":"Add","src":"https:\/\/i0.wp.com\/gs-cms.com\/wp-content\/uploads\/Add.png?resize=350%2C200&ssl=1","width":350,"height":200},"classes":[]},{"id":25,"url":"https:\/\/gs-cms.com\/?page_id=25","url_meta":{"origin":881,"position":5},"title":"Bautagebuch","author":"Patrick Schimmel","date":"Dienstag, 19. November 2013","format":false,"excerpt":"W\u00fcrden Sie gerne Ihre Projekte einfach und vertragssicher dokumentieren und dabei die eingegebenen Daten nach verschiedenen Gesichtspunkten auswerten k\u00f6nnen? \u00dcbersicht Kooperation Sie k\u00f6nnen Ihren Auftraggebern direkten, beschr\u00e4nkten Zugriff auf die Berichte erlauben und so Kommentare direkt erhalten. Ressourcen Erfassen von Arbeitskr\u00e4ften, verbauten Materialien und Materiallieferungen. Bilder Bilder k\u00f6nnen mit Ihrem\u2026","rel":"","context":"In \"Bautagebuch\"","block_context":{"text":"Bautagebuch","link":"https:\/\/gs-cms.com\/?tag=bautagebuch"},"img":{"alt_text":"Meetings","src":"https:\/\/i0.wp.com\/gs-cms.com\/wp-content\/uploads\/Meetings.png?resize=350%2C200&ssl=1","width":350,"height":200},"classes":[]}],"_links":{"self":[{"href":"https:\/\/gs-cms.com\/index.php?rest_route=\/wp\/v2\/pages\/881","targetHints":{"allow":["GET"]}}],"collection":[{"href":"https:\/\/gs-cms.com\/index.php?rest_route=\/wp\/v2\/pages"}],"about":[{"href":"https:\/\/gs-cms.com\/index.php?rest_route=\/wp\/v2\/types\/page"}],"author":[{"embeddable":true,"href":"https:\/\/gs-cms.com\/index.php?rest_route=\/wp\/v2\/users\/11"}],"replies":[{"embeddable":true,"href":"https:\/\/gs-cms.com\/index.php?rest_route=%2Fwp%2Fv2%2Fcomments&post=881"}],"version-history":[{"count":0,"href":"https:\/\/gs-cms.com\/index.php?rest_route=\/wp\/v2\/pages\/881\/revisions"}],"up":[{"embeddable":true,"href":"https:\/\/gs-cms.com\/index.php?rest_route=\/wp\/v2\/pages\/29"}],"wp:attachment":[{"href":"https:\/\/gs-cms.com\/index.php?rest_route=%2Fwp%2Fv2%2Fmedia&parent=881"}],"curies":[{"name":"wp","href":"https:\/\/api.w.org\/{rel}","templated":true}]}}