
{"id":564,"date":"2013-12-17T16:15:09","date_gmt":"2013-12-17T15:15:09","guid":{"rendered":"http:\/\/gs-cms.com\/?page_id=564"},"modified":"2016-01-27T23:30:03","modified_gmt":"2016-01-27T22:30:03","slug":"vertraege","status":"publish","type":"page","link":"https:\/\/gs-cms.com\/?page_id=564","title":{"rendered":"Vertr\u00e4ge"},"content":{"rendered":"<p>\u00dcber den entsprechenden Button in der Toolbar der Projektverwaltung werden die Vertr\u00e4ge bearbeitet.<\/p>\n<p><img loading=\"lazy\" decoding=\"async\" data-attachment-id=\"790\" data-permalink=\"https:\/\/gs-cms.com\/?attachment_id=790\" data-orig-file=\"https:\/\/gs-cms.com\/wp-content\/uploads\/Contracts.png\" data-orig-size=\"32,32\" data-comments-opened=\"1\" data-image-meta=\"{&quot;aperture&quot;:&quot;0&quot;,&quot;credit&quot;:&quot;&quot;,&quot;camera&quot;:&quot;&quot;,&quot;caption&quot;:&quot;&quot;,&quot;created_timestamp&quot;:&quot;0&quot;,&quot;copyright&quot;:&quot;&quot;,&quot;focal_length&quot;:&quot;0&quot;,&quot;iso&quot;:&quot;0&quot;,&quot;shutter_speed&quot;:&quot;0&quot;,&quot;title&quot;:&quot;&quot;,&quot;orientation&quot;:&quot;0&quot;}\" data-image-title=\"Contracts\" data-image-description=\"\" data-image-caption=\"\" data-large-file=\"https:\/\/gs-cms.com\/wp-content\/uploads\/Contracts.png\" class=\"alignnone size-full wp-image-790\" src=\"https:\/\/gs-cms.com\/wp-content\/uploads\/Contracts.png\" alt=\"Contracts\" width=\"32\" height=\"32\" srcset=\"https:\/\/gs-cms.com\/wp-content\/uploads\/Contracts.png 32w, https:\/\/gs-cms.com\/wp-content\/uploads\/Contracts-150x150.png 150w, https:\/\/gs-cms.com\/wp-content\/uploads\/Contracts-160x160.png 160w\" sizes=\"auto, (max-width: 32px) 100vw, 32px\" \/><\/p>\n<p>In dem Unterfenster wird ein \u00dcberblick der eingetragenen Vertr\u00e4ge angezeigt.<\/p>\n<p><a href=\"https:\/\/gs-cms.com\/wp-content\/uploads\/Projekte-Vertraege.jpg\" data-rel=\"lightbox-gallery-1h10CG0W\" data-rl_title=\"\" data-rl_caption=\"\" title=\"\"><img loading=\"lazy\" decoding=\"async\" data-attachment-id=\"698\" data-permalink=\"https:\/\/gs-cms.com\/?attachment_id=698\" data-orig-file=\"https:\/\/gs-cms.com\/wp-content\/uploads\/Projekte-Vertraege.jpg\" data-orig-size=\"600,500\" data-comments-opened=\"1\" data-image-meta=\"{&quot;aperture&quot;:&quot;0&quot;,&quot;credit&quot;:&quot;&quot;,&quot;camera&quot;:&quot;&quot;,&quot;caption&quot;:&quot;&quot;,&quot;created_timestamp&quot;:&quot;0&quot;,&quot;copyright&quot;:&quot;&quot;,&quot;focal_length&quot;:&quot;0&quot;,&quot;iso&quot;:&quot;0&quot;,&quot;shutter_speed&quot;:&quot;0&quot;,&quot;title&quot;:&quot;&quot;,&quot;orientation&quot;:&quot;0&quot;}\" data-image-title=\"Projekte Vertraege\" data-image-description=\"\" data-image-caption=\"\" data-large-file=\"https:\/\/gs-cms.com\/wp-content\/uploads\/Projekte-Vertraege.jpg\" class=\"alignnone size-full wp-image-698\" src=\"https:\/\/gs-cms.com\/wp-content\/uploads\/Projekte-Vertraege.jpg\" alt=\"Projekte Vertraege\" width=\"600\" height=\"500\" srcset=\"https:\/\/gs-cms.com\/wp-content\/uploads\/Projekte-Vertraege.jpg 600w, https:\/\/gs-cms.com\/wp-content\/uploads\/Projekte-Vertraege-300x250.jpg 300w\" sizes=\"auto, (max-width: 600px) 100vw, 600px\" \/><\/a><\/p>\n<p>Mit dem Plus und dem Minus-Button im Unterfenster k\u00f6nnen neue Vertr\u00e4ge hinzugef\u00fcgt, bzw. vorhandene Vertr\u00e4ge gel\u00f6scht werden. Wird ein Vertrag gel\u00f6scht, haben die ihm zugeordneten Projekte keinen Vertrag mehr. Die Projekte eines Vertrags werden nicht automatisch mitgel\u00f6lscht.<\/p>\n<p>Im Detailfenster k\u00f6nnen eine Vertragsnummer, der Name des Vertrags, eine Kurzbeschreibung und das Vertragsdatum eingegeben werden.<\/p>\n<p><a href=\"https:\/\/gs-cms.com\/wp-content\/uploads\/Projekte-Vertrag.jpg\" data-rel=\"lightbox-gallery-1h10CG0W\" data-rl_title=\"\" data-rl_caption=\"\" title=\"\"><img loading=\"lazy\" decoding=\"async\" data-attachment-id=\"699\" data-permalink=\"https:\/\/gs-cms.com\/?attachment_id=699\" data-orig-file=\"https:\/\/gs-cms.com\/wp-content\/uploads\/Projekte-Vertrag.jpg\" data-orig-size=\"400,300\" data-comments-opened=\"1\" data-image-meta=\"{&quot;aperture&quot;:&quot;0&quot;,&quot;credit&quot;:&quot;&quot;,&quot;camera&quot;:&quot;&quot;,&quot;caption&quot;:&quot;&quot;,&quot;created_timestamp&quot;:&quot;0&quot;,&quot;copyright&quot;:&quot;&quot;,&quot;focal_length&quot;:&quot;0&quot;,&quot;iso&quot;:&quot;0&quot;,&quot;shutter_speed&quot;:&quot;0&quot;,&quot;title&quot;:&quot;&quot;,&quot;orientation&quot;:&quot;0&quot;}\" data-image-title=\"Projekte Vertrag\" data-image-description=\"\" data-image-caption=\"\" data-large-file=\"https:\/\/gs-cms.com\/wp-content\/uploads\/Projekte-Vertrag.jpg\" class=\"alignnone size-full wp-image-699\" src=\"https:\/\/gs-cms.com\/wp-content\/uploads\/Projekte-Vertrag.jpg\" alt=\"Projekte Vertrag\" width=\"400\" height=\"300\" srcset=\"https:\/\/gs-cms.com\/wp-content\/uploads\/Projekte-Vertrag.jpg 400w, https:\/\/gs-cms.com\/wp-content\/uploads\/Projekte-Vertrag-300x225.jpg 300w\" sizes=\"auto, (max-width: 400px) 100vw, 400px\" \/><\/a><\/p>\n","protected":false},"excerpt":{"rendered":"<p>\u00dcber den entsprechenden Button in der Toolbar der Projektverwaltung werden die Vertr\u00e4ge bearbeitet. In dem Unterfenster wird ein \u00dcberblick der eingetragenen Vertr\u00e4ge angezeigt. Mit dem Plus und dem Minus-Button im Unterfenster k\u00f6nnen neue Vertr\u00e4ge hinzugef\u00fcgt, bzw. vorhandene Vertr\u00e4ge gel\u00f6scht werden. Wird ein Vertrag gel\u00f6scht, haben die ihm zugeordneten Projekte keinen Vertrag mehr. Die Projekte eines&hellip;<\/p>\n","protected":false},"author":11,"featured_media":0,"parent":356,"menu_order":4,"comment_status":"closed","ping_status":"closed","template":"helppage.php","meta":{"_bbp_topic_count":0,"_bbp_reply_count":0,"_bbp_total_topic_count":0,"_bbp_total_reply_count":0,"_bbp_voice_count":0,"_bbp_anonymous_reply_count":0,"_bbp_topic_count_hidden":0,"_bbp_reply_count_hidden":0,"_bbp_forum_subforum_count":0,"jetpack_post_was_ever_published":false,"footnotes":""},"class_list":["post-564","page","type-page","status-publish","hentry"],"aioseo_notices":[],"jetpack_sharing_enabled":true,"jetpack-related-posts":[{"id":555,"url":"https:\/\/gs-cms.com\/?page_id=555","url_meta":{"origin":564,"position":0},"title":"Projekte","author":"Patrick Schimmel","date":"Dienstag, 17. Dezember 2013","format":false,"excerpt":"Projekt hinzuf\u00fcgen Durch einen Mausklick auf das Plus-Symbol in der Toolbar der Projektverwaltung wird ein neues Projekt angelegt. Im Anschluss wird das Detailfenster ge\u00f6ffnet und die Daten des Projekts k\u00f6nnen eingegeben werden. Projekt bearbeiten Das Detailfenster zum Bearbeiten von Projekten wird durch einen Doppelklick auf eine Zeile der Tabelle im\u2026","rel":"","context":"In \"Projekte\"","block_context":{"text":"Projekte","link":"https:\/\/gs-cms.com\/?tag=projekte"},"img":{"alt_text":"Add","src":"https:\/\/i0.wp.com\/gs-cms.com\/wp-content\/uploads\/Add.png?resize=350%2C200&ssl=1","width":350,"height":200},"classes":[]},{"id":356,"url":"https:\/\/gs-cms.com\/?page_id=356","url_meta":{"origin":564,"position":1},"title":"Projektverwaltung","author":"Patrick Schimmel","date":"Samstag, 14. Dezember 2013","format":false,"excerpt":"Die Projektverwaltung ist eines der Hauptmodule des Programms. Hier werden die Projektdaten eingegeben und als Basis f\u00fcr die projektbezogenen Module verwendet. Diese Funktion zeigt einen grafischen \u00dcberblick \u00fcber alle Projekte\u00a0an. Die Daten des \u00dcberblicks k\u00f6nnen gefiltert, sortiert, gruppiert und die Grafik kann auf einem Drucker ausgegeben werden. Projekte Vertr\u00e4ge Leistung\u2026","rel":"","context":"In \"Projekte\"","block_context":{"text":"Projekte","link":"https:\/\/gs-cms.com\/?tag=projekte"},"img":{"alt_text":"Projektverwaltung","src":"https:\/\/i0.wp.com\/gs-cms.com\/wp-content\/uploads\/Projekte-1024x646.jpg?resize=350%2C200&ssl=1","width":350,"height":200,"srcset":"https:\/\/i0.wp.com\/gs-cms.com\/wp-content\/uploads\/Projekte-1024x646.jpg?resize=350%2C200&ssl=1 1x, https:\/\/i0.wp.com\/gs-cms.com\/wp-content\/uploads\/Projekte-1024x646.jpg?resize=525%2C300&ssl=1 1.5x, https:\/\/i0.wp.com\/gs-cms.com\/wp-content\/uploads\/Projekte-1024x646.jpg?resize=700%2C400&ssl=1 2x"},"classes":[]},{"id":358,"url":"https:\/\/gs-cms.com\/?page_id=358","url_meta":{"origin":564,"position":2},"title":"Projektakquisition","author":"Patrick Schimmel","date":"Samstag, 14. Dezember 2013","format":false,"excerpt":"In der Projektakquisition werden die Daten von Gelegenheiten gesammelt und verwaltet, die zu einem Projekt werden k\u00f6nnen. \u00a0 Gelegenheit hinzuf\u00fcgen Durch einen Mausklick auf das Plus-Symbol in der Toolbar der Projektakquisition wird eine neue Gelegenheit angelegt. Danach wird das Detailfenster ge\u00f6ffnet und die Daten der Gelegenheit k\u00f6nnen eingegeben werden. \u00a0\u2026","rel":"","context":"In \"Akquisition\"","block_context":{"text":"Akquisition","link":"https:\/\/gs-cms.com\/?tag=akquisition"},"img":{"alt_text":"","src":"https:\/\/i0.wp.com\/gs-cms.com\/wp-content\/uploads\/Akquisition-Grunddaten.jpg?resize=350%2C200&ssl=1","width":350,"height":200,"srcset":"https:\/\/i0.wp.com\/gs-cms.com\/wp-content\/uploads\/Akquisition-Grunddaten.jpg?resize=350%2C200&ssl=1 1x, https:\/\/i0.wp.com\/gs-cms.com\/wp-content\/uploads\/Akquisition-Grunddaten.jpg?resize=525%2C300&ssl=1 1.5x, https:\/\/i0.wp.com\/gs-cms.com\/wp-content\/uploads\/Akquisition-Grunddaten.jpg?resize=700%2C400&ssl=1 2x"},"classes":[]},{"id":21,"url":"https:\/\/gs-cms.com\/?page_id=21","url_meta":{"origin":564,"position":3},"title":"Projektverwaltung","author":"Patrick Schimmel","date":"Dienstag, 19. November 2013","format":false,"excerpt":"H\u00e4tten Sie gerne eine zentrale Verwaltung aller Projekte, die alle relevanten Projektdaten enth\u00e4lt und strukturiert ausgeben kann? \u00dcbersicht Vertr\u00e4ge Verwalten von Einzelvertr\u00e4gen und von Rahmenvertr\u00e4gen Leistungsmeldung Monatliche Leistungsmeldung mit \u00dcbernahme der aktuellen Projektdaten und R\u00fcckmeldungen des Leistungsstands Web-Export Export von Projektdaten als XML-Datei oder als HTML-Website und Export aller Berichte\u2026","rel":"","context":"In \"featured\"","block_context":{"text":"featured","link":"https:\/\/gs-cms.com\/?tag=featured"},"img":{"alt_text":"Contracts","src":"https:\/\/i0.wp.com\/gs-cms.com\/wp-content\/uploads\/Contracts.png?resize=350%2C200&ssl=1","width":350,"height":200},"classes":[]},{"id":566,"url":"https:\/\/gs-cms.com\/?page_id=566","url_meta":{"origin":564,"position":4},"title":"Leistung \u00fcberwachen","author":"Patrick Schimmel","date":"Dienstag, 17. Dezember 2013","format":false,"excerpt":"Leistungsmeldung Die Leistungsmeldung ist ein Untermodul der Projektverwaltung f\u00fcr welchen eigenen Benutzerrechte erforderlich sind. Die Leistungsmeldung wird durch einen Mausklick auf den entsprechenden Button in der Toolbar der Projektverwaltung ge\u00f6ffnet. Beim \u00d6ffnen des Moduls wird die Leistung des aktuellen Monats angezeigt. Unter der Toolbar befindet sich ein Auswahlfeld, in dem\u2026","rel":"","context":"In \"Leistungsmeldung\"","block_context":{"text":"Leistungsmeldung","link":"https:\/\/gs-cms.com\/?tag=leistungsmeldung"},"img":{"alt_text":"Performance","src":"https:\/\/i0.wp.com\/gs-cms.com\/wp-content\/uploads\/Performance.png?resize=350%2C200&ssl=1","width":350,"height":200},"classes":[]},{"id":339,"url":"https:\/\/gs-cms.com\/?page_id=339","url_meta":{"origin":564,"position":5},"title":"Administratives L\u00f6schen","author":"Patrick Schimmel","date":"Samstag, 14. Dezember 2013","format":false,"excerpt":"Einige wichtige Datens\u00e4tze k\u00f6nnen nicht durch normale Benutzer gel\u00f6scht werden. Dies sind Firmenkontakte, Personen und Projekte. Da diese Daten viele Verkn\u00fcpfungen zu anderen Datens\u00e4tzen besitzen, sind sie essenziell und k\u00f6nnen nur durch einen Administrator gel\u00f6scht werden. Soll ein Datensatz durch einen normalen Benutzer gel\u00f6scht werden, so muss er einen Grund\u2026","rel":"","context":"In \"Admin\"","block_context":{"text":"Admin","link":"https:\/\/gs-cms.com\/?tag=admin"},"img":{"alt_text":"","src":"https:\/\/i0.wp.com\/gs-cms.com\/wp-content\/uploads\/Administratives-Loeschen.jpg?resize=350%2C200&ssl=1","width":350,"height":200,"srcset":"https:\/\/i0.wp.com\/gs-cms.com\/wp-content\/uploads\/Administratives-Loeschen.jpg?resize=350%2C200&ssl=1 1x, https:\/\/i0.wp.com\/gs-cms.com\/wp-content\/uploads\/Administratives-Loeschen.jpg?resize=525%2C300&ssl=1 1.5x, https:\/\/i0.wp.com\/gs-cms.com\/wp-content\/uploads\/Administratives-Loeschen.jpg?resize=700%2C400&ssl=1 2x"},"classes":[]}],"_links":{"self":[{"href":"https:\/\/gs-cms.com\/index.php?rest_route=\/wp\/v2\/pages\/564","targetHints":{"allow":["GET"]}}],"collection":[{"href":"https:\/\/gs-cms.com\/index.php?rest_route=\/wp\/v2\/pages"}],"about":[{"href":"https:\/\/gs-cms.com\/index.php?rest_route=\/wp\/v2\/types\/page"}],"author":[{"embeddable":true,"href":"https:\/\/gs-cms.com\/index.php?rest_route=\/wp\/v2\/users\/11"}],"replies":[{"embeddable":true,"href":"https:\/\/gs-cms.com\/index.php?rest_route=%2Fwp%2Fv2%2Fcomments&post=564"}],"version-history":[{"count":0,"href":"https:\/\/gs-cms.com\/index.php?rest_route=\/wp\/v2\/pages\/564\/revisions"}],"up":[{"embeddable":true,"href":"https:\/\/gs-cms.com\/index.php?rest_route=\/wp\/v2\/pages\/356"}],"wp:attachment":[{"href":"https:\/\/gs-cms.com\/index.php?rest_route=%2Fwp%2Fv2%2Fmedia&parent=564"}],"curies":[{"name":"wp","href":"https:\/\/api.w.org\/{rel}","templated":true}]}}