
{"id":3445,"date":"2019-01-29T22:45:59","date_gmt":"2019-01-29T21:45:59","guid":{"rendered":"http:\/\/gs-cms.com\/?page_id=3445"},"modified":"2019-08-02T22:56:54","modified_gmt":"2019-08-02T20:56:54","slug":"bekannte-probleme","status":"publish","type":"page","link":"https:\/\/gs-cms.com\/?page_id=3445","title":{"rendered":"Roadmap \/ Bekannte Probleme"},"content":{"rendered":"\n<div class=\"feedzy-467bf27f9d1f9ea977b8a53548f3ed4a feedzy-rss\"><ul><li  style=\"padding: 15px 0 25px\" class=\"rss_item\"><span class=\"title\"><a href=\"https:\/\/bugs.gs-cms.com\/view.php?id=77\" target=\"_blank\" rel=\" noopener\">0000077: Neus Modul Besprechungen<\/a><\/span><div class=\"rss_content\" style=\"\"><small>am Dienstag, 12. Oktober 2021 um 16:25 <\/small><p>Patrick: Wieviel Aufwand ist es ide Besprechungen f\u00fcr die cms Mobile zu aktivieren und implementieren?<\/p><\/div><\/li><li  style=\"padding: 15px 0 25px\" class=\"rss_item\"><span class=\"title\"><a href=\"https:\/\/bugs.gs-cms.com\/view.php?id=103\" target=\"_blank\" rel=\" noopener\">0000103: Programmabsturz bei Mehrfachauswahl Verursacher<\/a><\/span><div class=\"rss_content\" style=\"\"><small>am Montag, 11. Oktober 2021 um 8:40 <\/small><p>Eine Mehrfachauswahl von Verursachern und anschlie\u00dfendem Startversuch f\u00fcr die Berichte f\u00fchrt zu Programmabsturz. Wenn nur ein Verursacher ausgew\u00e4hlt wird, passiert nichts.<\/p><\/div><\/li><li  style=\"padding: 15px 0 25px\" class=\"rss_item\"><span class=\"title\"><a href=\"https:\/\/bugs.gs-cms.com\/view.php?id=25\" target=\"_blank\" rel=\" noopener\">0000025: Vorauswahl beim Hochladen von Pl\u00e4nen<\/a><\/span><div class=\"rss_content\" style=\"\"><small>am Sonntag, 13. Dezember 2020 um 22:18 <\/small><p>Es sollte eine Vorauswahl, \u00e4hnlich wie in der Bildverwaltung geben.<\/p><\/div><\/li><li  style=\"padding: 15px 0 25px\" class=\"rss_item\"><span class=\"title\"><a href=\"https:\/\/bugs.gs-cms.com\/view.php?id=80\" target=\"_blank\" rel=\" noopener\">0000080: Plandateien werden nicht ins Tablet geladen<\/a><\/span><div class=\"rss_content\" style=\"\"><small>am Donnerstag, 26. November 2020 um 21:35 <\/small><p>Beim Download der Daten werden die Datens\u00e4tze f\u00fcr die Pl\u00e4ne offensichtlich in das Tablet hochgeladen, bei den Plandateien kommt die Fehlermeldung, dass er die pdf nicht finden kann.<\/p><\/div><\/li><li  style=\"padding: 15px 0 25px\" class=\"rss_item\"><span class=\"title\"><a href=\"https:\/\/bugs.gs-cms.com\/view.php?id=79\" target=\"_blank\" rel=\" noopener\">0000079: Bitte das Datenbankfeld Schlagworte in der App vorsehen<\/a><\/span><div class=\"rss_content\" style=\"\"><small>am Montag, 12. August 2019 um 7:33 <\/small><p>Bitte eine Eingabem\u00f6glichkeit f\u00fcr das Datenbankfeld \"Schlagworte\" in der App vorsehen<\/p><\/div><\/li><\/ul> <\/div><style type=\"text\/css\" media=\"all\">.feedzy-rss .rss_item .rss_image{float:left;position:relative;border:none;text-decoration:none;max-width:100%}.feedzy-rss .rss_item .rss_image span{display:inline-block;position:absolute;width:100%;height:100%;background-position:50%;background-size:cover}.feedzy-rss .rss_item .rss_image{margin:.3em 1em 0 0;content-visibility:auto}.feedzy-rss ul{list-style:none}.feedzy-rss ul li{display:inline-block}<\/style>\n","protected":false},"excerpt":{"rendered":"","protected":false},"author":11,"featured_media":0,"parent":0,"menu_order":0,"comment_status":"closed","ping_status":"closed","template":"","meta":{"_bbp_topic_count":0,"_bbp_reply_count":0,"_bbp_total_topic_count":0,"_bbp_total_reply_count":0,"_bbp_voice_count":0,"_bbp_anonymous_reply_count":0,"_bbp_topic_count_hidden":0,"_bbp_reply_count_hidden":0,"_bbp_forum_subforum_count":0,"footnotes":""},"class_list":["post-3445","page","type-page","status-publish","hentry"],"aioseo_notices":[],"jetpack_sharing_enabled":true,"jetpack-related-posts":[{"id":1473,"url":"https:\/\/gs-cms.com\/?page_id=1473","url_meta":{"origin":3445,"position":0},"title":"FAQ","author":"Patrick Schimmel","date":"Samstag, 5. Juli 2014","format":false,"excerpt":"Dies ist eine Auflistung h\u00e4ufig gestellter Fragen. Sollten Sie weitere Fragen haben k\u00f6nnen Sie sich gerne \u00fcber das Kontaktformular an unseren Support wenden.","rel":"","context":"\u00c4hnlicher Beitrag","block_context":{"text":"\u00c4hnlicher Beitrag","link":""},"img":{"alt_text":"","src":"","width":0,"height":0},"classes":[]}],"_links":{"self":[{"href":"https:\/\/gs-cms.com\/index.php?rest_route=\/wp\/v2\/pages\/3445","targetHints":{"allow":["GET"]}}],"collection":[{"href":"https:\/\/gs-cms.com\/index.php?rest_route=\/wp\/v2\/pages"}],"about":[{"href":"https:\/\/gs-cms.com\/index.php?rest_route=\/wp\/v2\/types\/page"}],"author":[{"embeddable":true,"href":"https:\/\/gs-cms.com\/index.php?rest_route=\/wp\/v2\/users\/11"}],"replies":[{"embeddable":true,"href":"https:\/\/gs-cms.com\/index.php?rest_route=%2Fwp%2Fv2%2Fcomments&post=3445"}],"version-history":[{"count":8,"href":"https:\/\/gs-cms.com\/index.php?rest_route=\/wp\/v2\/pages\/3445\/revisions"}],"predecessor-version":[{"id":3628,"href":"https:\/\/gs-cms.com\/index.php?rest_route=\/wp\/v2\/pages\/3445\/revisions\/3628"}],"wp:attachment":[{"href":"https:\/\/gs-cms.com\/index.php?rest_route=%2Fwp%2Fv2%2Fmedia&parent=3445"}],"curies":[{"name":"wp","href":"https:\/\/api.w.org\/{rel}","templated":true}]}}