
{"id":33,"date":"2013-11-19T22:04:14","date_gmt":"2013-11-19T21:04:14","guid":{"rendered":"http:\/\/gs-cms.com\/?page_id=33"},"modified":"2019-04-21T12:52:59","modified_gmt":"2019-04-21T10:52:59","slug":"bildverwaltung","status":"publish","type":"page","link":"https:\/\/gs-cms.com\/?page_id=33","title":{"rendered":"Bildverwaltung"},"content":{"rendered":"<blockquote><p>W\u00fcrden Sie gerne alle wichtigen Bilder eines Projekts strukturiert ablegen und einfach wiederfinden?<\/p><\/blockquote>\n<h2>\u00dcbersicht<\/h2>\n<table style=\"width: 100%;\">\n<tbody>\n<tr>\n<td style=\"vertical-align: top;\"><img loading=\"lazy\" decoding=\"async\" data-attachment-id=\"1029\" data-permalink=\"https:\/\/gs-cms.com\/?attachment_id=1029\" data-orig-file=\"https:\/\/gs-cms.com\/wp-content\/uploads\/PhotoGallery-e1390558834919.png\" data-orig-size=\"32,32\" data-comments-opened=\"1\" data-image-meta=\"{&quot;aperture&quot;:&quot;0&quot;,&quot;credit&quot;:&quot;&quot;,&quot;camera&quot;:&quot;&quot;,&quot;caption&quot;:&quot;&quot;,&quot;created_timestamp&quot;:&quot;0&quot;,&quot;copyright&quot;:&quot;&quot;,&quot;focal_length&quot;:&quot;0&quot;,&quot;iso&quot;:&quot;0&quot;,&quot;shutter_speed&quot;:&quot;0&quot;,&quot;title&quot;:&quot;&quot;,&quot;orientation&quot;:&quot;0&quot;}\" data-image-title=\"PhotoGallery\" data-image-description=\"\" data-image-caption=\"\" data-large-file=\"https:\/\/gs-cms.com\/wp-content\/uploads\/PhotoGallery-e1390558834919.png\" class=\"size-full wp-image-1029 alignleft\" src=\"https:\/\/gs-cms.com\/wp-content\/uploads\/PhotoGallery-e1390558834919.png\" alt=\"PhotoGallery\" width=\"32\" height=\"32\" srcset=\"https:\/\/gs-cms.com\/wp-content\/uploads\/PhotoGallery-e1390558834919.png 32w, https:\/\/gs-cms.com\/wp-content\/uploads\/PhotoGallery-e1390558834919-150x150.png 150w, https:\/\/gs-cms.com\/wp-content\/uploads\/PhotoGallery-e1390558834919-160x160.png 160w\" sizes=\"auto, (max-width: 32px) 100vw, 32px\" \/><\/td>\n<td style=\"width: 46%; vertical-align: top;\"><strong>Galerie<\/strong><br \/>\nErzeugen einer HTML-Bildergalerie zum Ver\u00f6ffentlichen der Photos auf Webseiten<\/td>\n<td style=\"vertical-align: top;\"><img loading=\"lazy\" decoding=\"async\" data-attachment-id=\"2237\" data-permalink=\"https:\/\/gs-cms.com\/?attachment_id=2237\" data-orig-file=\"https:\/\/gs-cms.com\/wp-content\/uploads\/DailyReports.png\" data-orig-size=\"32,32\" data-comments-opened=\"1\" data-image-meta=\"{&quot;aperture&quot;:&quot;0&quot;,&quot;credit&quot;:&quot;&quot;,&quot;camera&quot;:&quot;&quot;,&quot;caption&quot;:&quot;&quot;,&quot;created_timestamp&quot;:&quot;0&quot;,&quot;copyright&quot;:&quot;&quot;,&quot;focal_length&quot;:&quot;0&quot;,&quot;iso&quot;:&quot;0&quot;,&quot;shutter_speed&quot;:&quot;0&quot;,&quot;title&quot;:&quot;&quot;,&quot;orientation&quot;:&quot;0&quot;}\" data-image-title=\"DailyReports\" data-image-description=\"\" data-image-caption=\"\" data-large-file=\"https:\/\/gs-cms.com\/wp-content\/uploads\/DailyReports.png\" class=\"size-medium wp-image-2237 alignleft\" src=\"https:\/\/gs-cms.com\/wp-content\/uploads\/DailyReports.png\" alt=\"DailyReports\" width=\"32\" height=\"32\" srcset=\"https:\/\/gs-cms.com\/wp-content\/uploads\/DailyReports.png 32w, https:\/\/gs-cms.com\/wp-content\/uploads\/DailyReports-150x150.png 150w, https:\/\/gs-cms.com\/wp-content\/uploads\/DailyReports-160x160.png 160w, https:\/\/gs-cms.com\/wp-content\/uploads\/DailyReports-320x320.png 320w\" sizes=\"auto, (max-width: 32px) 100vw, 32px\" \/><\/td>\n<td style=\"width: 46%; vertical-align: top;\"><strong>Zuordnung zu Bautagesberichten<\/strong><br \/>\nAlle erfassten Bilder k\u00f6nnen mit Bautagesberichten verkn\u00fcpft werden, auch automatisch nach Aufnahmedatum<\/td>\n<\/tr>\n<tr>\n<td style=\"vertical-align: top;\"><img loading=\"lazy\" decoding=\"async\" data-attachment-id=\"2236\" data-permalink=\"https:\/\/gs-cms.com\/?attachment_id=2236\" data-orig-file=\"https:\/\/gs-cms.com\/wp-content\/uploads\/Deficiencies.png\" data-orig-size=\"32,32\" data-comments-opened=\"1\" data-image-meta=\"{&quot;aperture&quot;:&quot;0&quot;,&quot;credit&quot;:&quot;&quot;,&quot;camera&quot;:&quot;&quot;,&quot;caption&quot;:&quot;&quot;,&quot;created_timestamp&quot;:&quot;0&quot;,&quot;copyright&quot;:&quot;&quot;,&quot;focal_length&quot;:&quot;0&quot;,&quot;iso&quot;:&quot;0&quot;,&quot;shutter_speed&quot;:&quot;0&quot;,&quot;title&quot;:&quot;&quot;,&quot;orientation&quot;:&quot;0&quot;}\" data-image-title=\"Deficiencies\" data-image-description=\"\" data-image-caption=\"\" data-large-file=\"https:\/\/gs-cms.com\/wp-content\/uploads\/Deficiencies.png\" class=\"size-full wp-image-2236 alignleft\" src=\"https:\/\/gs-cms.com\/wp-content\/uploads\/Deficiencies.png\" alt=\"Deficiencies\" width=\"32\" height=\"32\" srcset=\"https:\/\/gs-cms.com\/wp-content\/uploads\/Deficiencies.png 32w, https:\/\/gs-cms.com\/wp-content\/uploads\/Deficiencies-150x150.png 150w, https:\/\/gs-cms.com\/wp-content\/uploads\/Deficiencies-160x160.png 160w, https:\/\/gs-cms.com\/wp-content\/uploads\/Deficiencies-320x320.png 320w\" sizes=\"auto, (max-width: 32px) 100vw, 32px\" \/><\/td>\n<td style=\"vertical-align: top; width: 46%;\"><strong>Zuordnung zu M\u00e4ngeln<\/strong><br \/>\nAlle erfassten Bilder k\u00f6nnen mit M\u00e4ngeln verkn\u00fcpft werden<\/td>\n<td style=\"vertical-align: top;\"><img loading=\"lazy\" decoding=\"async\" data-attachment-id=\"2238\" data-permalink=\"https:\/\/gs-cms.com\/?attachment_id=2238\" data-orig-file=\"https:\/\/gs-cms.com\/wp-content\/uploads\/Levels.png\" data-orig-size=\"32,32\" data-comments-opened=\"1\" data-image-meta=\"{&quot;aperture&quot;:&quot;0&quot;,&quot;credit&quot;:&quot;&quot;,&quot;camera&quot;:&quot;&quot;,&quot;caption&quot;:&quot;&quot;,&quot;created_timestamp&quot;:&quot;0&quot;,&quot;copyright&quot;:&quot;&quot;,&quot;focal_length&quot;:&quot;0&quot;,&quot;iso&quot;:&quot;0&quot;,&quot;shutter_speed&quot;:&quot;0&quot;,&quot;title&quot;:&quot;&quot;,&quot;orientation&quot;:&quot;0&quot;}\" data-image-title=\"Levels\" data-image-description=\"\" data-image-caption=\"\" data-large-file=\"https:\/\/gs-cms.com\/wp-content\/uploads\/Levels.png\" class=\"size-full wp-image-2238 alignleft\" src=\"https:\/\/gs-cms.com\/wp-content\/uploads\/Levels.png\" alt=\"Levels\" width=\"32\" height=\"32\" srcset=\"https:\/\/gs-cms.com\/wp-content\/uploads\/Levels.png 32w, https:\/\/gs-cms.com\/wp-content\/uploads\/Levels-150x150.png 150w, https:\/\/gs-cms.com\/wp-content\/uploads\/Levels-160x160.png 160w, https:\/\/gs-cms.com\/wp-content\/uploads\/Levels-320x320.png 320w\" sizes=\"auto, (max-width: 32px) 100vw, 32px\" \/><\/td>\n<td style=\"vertical-align: top; width: 46%;\"><strong>Strukturierung<\/strong><br \/>\nEinheitliche,\u00a0modul\u00fcbergreifende Strukturierung der Daten in die Projektebenen<\/td>\n<\/tr>\n<tr>\n<td style=\"vertical-align: top;\"><img loading=\"lazy\" decoding=\"async\" data-attachment-id=\"2249\" data-permalink=\"https:\/\/gs-cms.com\/?attachment_id=2249\" data-orig-file=\"https:\/\/gs-cms.com\/wp-content\/uploads\/Check.png\" data-orig-size=\"32,32\" data-comments-opened=\"1\" data-image-meta=\"{&quot;aperture&quot;:&quot;0&quot;,&quot;credit&quot;:&quot;&quot;,&quot;camera&quot;:&quot;&quot;,&quot;caption&quot;:&quot;&quot;,&quot;created_timestamp&quot;:&quot;0&quot;,&quot;copyright&quot;:&quot;&quot;,&quot;focal_length&quot;:&quot;0&quot;,&quot;iso&quot;:&quot;0&quot;,&quot;shutter_speed&quot;:&quot;0&quot;,&quot;title&quot;:&quot;&quot;,&quot;orientation&quot;:&quot;0&quot;}\" data-image-title=\"Check\" data-image-description=\"\" data-image-caption=\"\" data-large-file=\"https:\/\/gs-cms.com\/wp-content\/uploads\/Check.png\" class=\"size-full wp-image-2249 alignleft\" src=\"https:\/\/gs-cms.com\/wp-content\/uploads\/Check.png\" alt=\"Check\" width=\"32\" height=\"32\" srcset=\"https:\/\/gs-cms.com\/wp-content\/uploads\/Check.png 32w, https:\/\/gs-cms.com\/wp-content\/uploads\/Check-150x150.png 150w, https:\/\/gs-cms.com\/wp-content\/uploads\/Check-160x160.png 160w, https:\/\/gs-cms.com\/wp-content\/uploads\/Check-320x320.png 320w\" sizes=\"auto, (max-width: 32px) 100vw, 32px\" \/><\/td>\n<td style=\"vertical-align: top; width: 46%;\"><strong>Verantwortlichkeiten<\/strong><br \/>\nEindeutigte Zuordnung der Verantwortlichkeit von Bildern zu Firmen<\/td>\n<td style=\"vertical-align: top;\"><img loading=\"lazy\" decoding=\"async\" data-attachment-id=\"3224\" data-permalink=\"https:\/\/gs-cms.com\/?attachment_id=3224\" data-orig-file=\"https:\/\/gs-cms.com\/wp-content\/uploads\/Metadata.png\" data-orig-size=\"32,32\" data-comments-opened=\"1\" data-image-meta=\"{&quot;aperture&quot;:&quot;0&quot;,&quot;credit&quot;:&quot;&quot;,&quot;camera&quot;:&quot;&quot;,&quot;caption&quot;:&quot;&quot;,&quot;created_timestamp&quot;:&quot;0&quot;,&quot;copyright&quot;:&quot;&quot;,&quot;focal_length&quot;:&quot;0&quot;,&quot;iso&quot;:&quot;0&quot;,&quot;shutter_speed&quot;:&quot;0&quot;,&quot;title&quot;:&quot;&quot;,&quot;orientation&quot;:&quot;0&quot;}\" data-image-title=\"Metadata\" data-image-description=\"\" data-image-caption=\"\" data-large-file=\"https:\/\/gs-cms.com\/wp-content\/uploads\/Metadata.png\" class=\"size-full wp-image-3224 alignleft\" src=\"https:\/\/gs-cms.com\/wp-content\/uploads\/Metadata.png\" alt=\"\" width=\"32\" height=\"32\" \/><\/td>\n<td style=\"vertical-align: top; width: 46%;\"><strong>Metadaten<\/strong><br \/>\nZugriff auf Metadaten von Bildern (z.B. GPS Koordinaten)<\/td>\n<\/tr>\n<\/tbody>\n<\/table>\n<h2>Beschreibung<\/h2>\n<p>Die Bildverwaltung im <strong><a title=\"Construction Management System\" href=\"https:\/\/gs-cms.com\/?page_id=11\">Construction Management System<\/a> CMS<\/strong> ist die zentrale Ablage von Bildern Ihrer <a title=\"Projektverwaltung\" href=\"https:\/\/gs-cms.com\/?page_id=21\">Projekte<\/a>.<\/p>\n<p>Mit der Bildverwaltung\u00a0k\u00f6nnen\u00a0Sie Ihre Fotos strukturiert ablegen und mit wenigen Mausklicks wiederfinden.<\/p>\n<p>Hierzu werden die Fotos mit zus\u00e4tzlichen Attributen versehen, wie einer r\u00e4umlichen Zuordnung entsprechend der Gliederungsstruktur des\u00a0Projekts, einer Beschreibung, oder der Zuweisung von verantwortlichen Personen.<\/p>\n<p>Ihre Bilder werden bei mehreren Projektbeteiligten zentral verwaltet, anstatt auf mehreren Rechnern verstreut zu liegen.<\/p>\n<p>Die intelligenten Filterfunktionen erm\u00f6glichen Ihnen, die Bilder schnell und sicher wiederzufinden. Die gefilterten Bilder k\u00f6nnen in \u00dcbersichtslisten oder als Bilddokumentation ausgedruckt werden.<\/p>\n<p>Alle Bilder k\u00f6nnen in den Modulen <a title=\"Bautagebuch\" href=\"https:\/\/gs-cms.com\/?page_id=25\">Bautagebuch<\/a> und in der <a title=\"M\u00e4ngelverwaltung\" href=\"https:\/\/gs-cms.com\/?page_id=31\">M\u00e4ngelverwaltung<\/a> verwendet werden, auch in den Berichten. Wenn Bilder im Bautagebuch oder der M\u00e4ngelverwaltung eingelesen werden, so sind diese unmittelbar auch in der Bildverwaltung vorhanden.<\/p>\n<h2>Screenshots<\/h2>\n<div class=\"rl-gallery-container rl-loading\" id=\"rl-gallery-container-1\" data-gallery_id=\"3371\"> <div class=\"rl-gallery rl-basicmasonry-gallery rl-hover-effect-2\" id=\"rl-gallery-1\" data-gallery_no=\"1\"> <div class=\"rl-gutter-sizer\"><\/div><div class=\"rl-grid-sizer\"><\/div> <div class=\"rl-gallery-item rl-gallery-item-width-4\" > <div class=\"rl-gallery-item-content\"> <a href=\"https:\/\/gs-cms.com\/wp-content\/uploads\/Bilder.jpg\" title=\"\" data-rl_title=\"\" class=\"rl-gallery-link\" data-rl_caption=\"\" data-rel=\"lightbox-gallery-1\"><img loading=\"lazy\" decoding=\"async\" src=\"https:\/\/gs-cms.com\/wp-content\/uploads\/Bilder-300x159.jpg\" width=\"300\" height=\"159\" alt=\"\" \/><span class=\"rl-gallery-caption\"><span class=\"rl-gallery-item-title\">Bildverwaltung<\/span><\/span><\/a> <\/div> <\/div> <div class=\"rl-gallery-item\" > <div class=\"rl-gallery-item-content\"> <a href=\"https:\/\/gs-cms.com\/wp-content\/uploads\/Bild-Verantwortlich.jpg\" title=\"\" data-rl_title=\"\" class=\"rl-gallery-link\" data-rl_caption=\"\" data-rel=\"lightbox-gallery-1\"><img loading=\"lazy\" decoding=\"async\" src=\"https:\/\/gs-cms.com\/wp-content\/uploads\/Bild-Verantwortlich-300x176.jpg\" width=\"300\" height=\"176\" alt=\"\" \/><span class=\"rl-gallery-caption\"><span class=\"rl-gallery-item-title\">Bild Verantwortlich<\/span><\/span><\/a> <\/div> <\/div> <div class=\"rl-gallery-item\" > <div class=\"rl-gallery-item-content\"> <a href=\"https:\/\/gs-cms.com\/wp-content\/uploads\/Bild-Grunddaten.jpg\" title=\"\" data-rl_title=\"\" class=\"rl-gallery-link\" data-rl_caption=\"\" data-rel=\"lightbox-gallery-1\"><img loading=\"lazy\" decoding=\"async\" src=\"https:\/\/gs-cms.com\/wp-content\/uploads\/Bild-Grunddaten-300x176.jpg\" width=\"300\" height=\"176\" alt=\"\" \/><span class=\"rl-gallery-caption\"><span class=\"rl-gallery-item-title\">Bild Grunddaten<\/span><\/span><\/a> <\/div> <\/div> <\/div> <\/div>\n<h2>Funktionen<\/h2>\n<ul>\n<li>Direkte \u00dcbersicht \u00fcber die wichtigsten Daten auf der Startseite des Moduls.<\/li>\n<li>\u00dcbersichtliche Oberfl\u00e4che mit dem leistungsf\u00e4higem Multi-Filter<\/li>\n<li>Freitextsuche zum einfachen Auffinden von Informationen<\/li>\n<li>Erfassen aller erforderlicher Daten, wie Bildbeschreibung, Schlagworte, usw.<\/li>\n<li>Drehen von Bildern direkt im Programm.<\/li>\n<li>Erzeugen einer HTML-Bildergalerie, um Bilder einfach in Webseiten in Intranet oder Internet einzubinden.<\/li>\n<li>Strukturierung der Eingaben durch Zuordnung der Daten zu den drei Ebenen, die bei allen Modulen dieses Projekts Verwendung\u00a0finden.<\/li>\n<li>Gleichzeitiges Bearbeiten wichtiger Daten von mehreren\u00a0Datens\u00e4tzen.<\/li>\n<li>Download von mehreren Bildern auf einmal.<\/li>\n<li>Frei konfigurierbare eigene Berichte.<\/li>\n<li>Schnelldruck eines Bilds\u00a0aus dem Detailfenster heraus<\/li>\n<li>Jeder Anwender kann\u00a0 die Filter- und Spaltenansicht frei konfigurieren.<\/li>\n<li>Export der Daten\u00fcbersicht der Haupttabelle in Text, CSV oder Excel-Dateien.<\/li>\n<li>Export aller Berichte in verschiedene Dateiformate.<\/li>\n<li>Gesetzte Filter werden beim Export und bei der Berichtsgenerierung ber\u00fccksichtigt.<\/li>\n<\/ul>\n","protected":false},"excerpt":{"rendered":"<p>W\u00fcrden Sie gerne alle wichtigen Bilder eines Projekts strukturiert ablegen und einfach wiederfinden? \u00dcbersicht Galerie Erzeugen einer HTML-Bildergalerie zum Ver\u00f6ffentlichen der Photos auf Webseiten Zuordnung zu Bautagesberichten Alle erfassten Bilder k\u00f6nnen mit Bautagesberichten verkn\u00fcpft werden, auch automatisch nach Aufnahmedatum Zuordnung zu M\u00e4ngeln Alle erfassten Bilder k\u00f6nnen mit M\u00e4ngeln verkn\u00fcpft werden Strukturierung Einheitliche,\u00a0modul\u00fcbergreifende Strukturierung der Daten&hellip;<\/p>\n","protected":false},"author":11,"featured_media":0,"parent":11,"menu_order":6,"comment_status":"closed","ping_status":"closed","template":"","meta":{"_bbp_topic_count":0,"_bbp_reply_count":0,"_bbp_total_topic_count":0,"_bbp_total_reply_count":0,"_bbp_voice_count":0,"_bbp_anonymous_reply_count":0,"_bbp_topic_count_hidden":0,"_bbp_reply_count_hidden":0,"_bbp_forum_subforum_count":0,"jetpack_post_was_ever_published":false,"footnotes":""},"class_list":["post-33","page","type-page","status-publish","hentry"],"aioseo_notices":[],"jetpack_sharing_enabled":true,"jetpack-related-posts":[{"id":2376,"url":"https:\/\/gs-cms.com\/?page_id=2376","url_meta":{"origin":33,"position":0},"title":"Mobile Datenerfassung","author":"Patrick Schimmel","date":"Freitag, 6. M\u00e4rz 2015","format":false,"excerpt":"W\u00fcrden Sie gerne die Daten f\u00fcr Bautagesberichte und gefundenen M\u00e4ngeln direkt auf der Baustelle erfassen und mit Bildern hinterlegen?","rel":"","context":"\u00c4hnlicher Beitrag","block_context":{"text":"\u00c4hnlicher Beitrag","link":""},"img":{"alt_text":"DailyReports","src":"https:\/\/i0.wp.com\/gs-cms.com\/wp-content\/uploads\/DailyReports.png?resize=350%2C200&ssl=1","width":350,"height":200},"classes":[]},{"id":2059,"url":"https:\/\/gs-cms.com\/?page_id=2059","url_meta":{"origin":33,"position":1},"title":"CMSMobile (Android)","author":"Patrick Schimmel","date":"Dienstag, 30. Dezember 2014","format":false,"excerpt":"CMSMobile ist die mobile Datenerfassung f\u00fcr das Construction Management System CMS. Systemvoraussetzungen Um CMSMobile\u00a0zu verwenden ben\u00f6tigen\u00a0Sie ein Ger\u00e4t mit Android Betriebssystem. Die erforderliche Mindestversion von Android ist 4.4.2. Des weiteren m\u00fcssen Sie den\u00a0CMS Web Service (CMS WebAPI) installieren und so konfigurieren, dass der Web\u00a0Service\u00a0Zugriff auf Ihre Datenbank erh\u00e4lt. Details zur\u2026","rel":"","context":"\u00c4hnlicher Beitrag","block_context":{"text":"\u00c4hnlicher Beitrag","link":""},"img":{"alt_text":"CMSMobile Main","src":"https:\/\/i0.wp.com\/gs-cms.com\/wp-content\/uploads\/CMSMobile-Main-182x300.png?resize=350%2C200&ssl=1","width":350,"height":200},"classes":[]},{"id":883,"url":"https:\/\/gs-cms.com\/?page_id=883","url_meta":{"origin":33,"position":2},"title":"Bilder","author":"Patrick Schimmel","date":"Montag, 13. Januar 2014","format":false,"excerpt":"Bild hinzuf\u00fcgen Mit dieser Funktion k\u00f6nnen mehrere Bilder auf einmal in die Datenbank hochgeladen werden. In dem Fenster zum Hochladen der Bilder befindet sich auf der linken Seite eine Liste mit Bilddateien, die hochzuladen sind. Mit dem Plus-Button und dem Minus-Button werden neue Dateien der Liste hinzugef\u00fcgt, bzw. vorhandene Eintr\u00e4ge\u2026","rel":"","context":"In \"Bilder\"","block_context":{"text":"Bilder","link":"https:\/\/gs-cms.com\/?tag=bilder"},"img":{"alt_text":"","src":"https:\/\/i0.wp.com\/gs-cms.com\/wp-content\/uploads\/Bilder-hinzufuegen.jpg?resize=350%2C200&ssl=1","width":350,"height":200,"srcset":"https:\/\/i0.wp.com\/gs-cms.com\/wp-content\/uploads\/Bilder-hinzufuegen.jpg?resize=350%2C200&ssl=1 1x, https:\/\/i0.wp.com\/gs-cms.com\/wp-content\/uploads\/Bilder-hinzufuegen.jpg?resize=525%2C300&ssl=1 1.5x, https:\/\/i0.wp.com\/gs-cms.com\/wp-content\/uploads\/Bilder-hinzufuegen.jpg?resize=700%2C400&ssl=1 2x"},"classes":[]},{"id":1354,"url":"https:\/\/gs-cms.com\/?page_id=1354","url_meta":{"origin":33,"position":3},"title":"Rechte","author":"Patrick Schimmel","date":"Dienstag, 3. Juni 2014","format":false,"excerpt":"Im Folgenden werden die verf\u00fcgbaren Rechte der einzelnen Module erl\u00e4utert. Allgemeine Module Modul Recht Beschreibung Akquisition Akquisitionsdaten bearbeiten Benutzer hat das Recht die Detaildaten der Akquisition zu bearbeiten. Akquisition Akquisitionstermine bearbeiten Bearbeiten der Termindaten der Akquisitionsdatens\u00e4tze. Akquisition Submissionsergebnisse bearbeiten Bearbeiten der Submissionsergebnisse von Gelegenheiten. Akquisition Akquisitionsdaten drucken Drucken von Berichten\u2026","rel":"","context":"In \"Admin\"","block_context":{"text":"Admin","link":"https:\/\/gs-cms.com\/?tag=admin"},"img":{"alt_text":"","src":"","width":0,"height":0},"classes":[]},{"id":505,"url":"https:\/\/gs-cms.com\/?page_id=505","url_meta":{"origin":33,"position":4},"title":"Bautagebuch","author":"Patrick Schimmel","date":"Montag, 16. Dezember 2013","format":false,"excerpt":"Das Bautagebuch dient der t\u00e4glichen Dokumentation der Arbeiten auf der Baustelle. In diesem Modul besteht die M\u00f6glichkeit dem Bauherrn einen Zugang zu den Berichten mit eingeschr\u00e4nkten Rechten zu geben. Der Bauherr kann dann die eingegebenen Berichte einsehen und Berichte drucken, au\u00dfer dem Eingabefeld f\u00fcr AG-Kommentare kann er jedoch keine Daten\u2026","rel":"","context":"In \"Bautagebuch\"","block_context":{"text":"Bautagebuch","link":"https:\/\/gs-cms.com\/?tag=bautagebuch"},"img":{"alt_text":"","src":"https:\/\/i0.wp.com\/gs-cms.com\/wp-content\/uploads\/Bautagebuch-Geraete.jpg?resize=350%2C200&ssl=1","width":350,"height":200,"srcset":"https:\/\/i0.wp.com\/gs-cms.com\/wp-content\/uploads\/Bautagebuch-Geraete.jpg?resize=350%2C200&ssl=1 1x, https:\/\/i0.wp.com\/gs-cms.com\/wp-content\/uploads\/Bautagebuch-Geraete.jpg?resize=525%2C300&ssl=1 1.5x, https:\/\/i0.wp.com\/gs-cms.com\/wp-content\/uploads\/Bautagebuch-Geraete.jpg?resize=700%2C400&ssl=1 2x"},"classes":[]},{"id":881,"url":"https:\/\/gs-cms.com\/?page_id=881","url_meta":{"origin":33,"position":5},"title":"Bildverwaltung","author":"Patrick Schimmel","date":"Montag, 13. Januar 2014","format":false,"excerpt":"In der Bildverwaltung werden die Fotos des aktuellen Projekts gesammelt. Durch die Vergabe von Attributen k\u00f6nnen die eingelesenen Bilder sortiert oder gruppiert ausgegeben und sp\u00e4ter sehr einfach wiedergefunden werden. Angelegte Bilder k\u00f6nnen im Bautagebuch und in der M\u00e4ngelverwaltung verlinkt werden.","rel":"","context":"In \"Bilder\"","block_context":{"text":"Bilder","link":"https:\/\/gs-cms.com\/?tag=bilder"},"img":{"alt_text":"Bilder","src":"https:\/\/i0.wp.com\/gs-cms.com\/wp-content\/uploads\/Bilder-1024x544.jpg?resize=350%2C200&ssl=1","width":350,"height":200,"srcset":"https:\/\/i0.wp.com\/gs-cms.com\/wp-content\/uploads\/Bilder-1024x544.jpg?resize=350%2C200&ssl=1 1x, https:\/\/i0.wp.com\/gs-cms.com\/wp-content\/uploads\/Bilder-1024x544.jpg?resize=525%2C300&ssl=1 1.5x, https:\/\/i0.wp.com\/gs-cms.com\/wp-content\/uploads\/Bilder-1024x544.jpg?resize=700%2C400&ssl=1 2x"},"classes":[]}],"_links":{"self":[{"href":"https:\/\/gs-cms.com\/index.php?rest_route=\/wp\/v2\/pages\/33","targetHints":{"allow":["GET"]}}],"collection":[{"href":"https:\/\/gs-cms.com\/index.php?rest_route=\/wp\/v2\/pages"}],"about":[{"href":"https:\/\/gs-cms.com\/index.php?rest_route=\/wp\/v2\/types\/page"}],"author":[{"embeddable":true,"href":"https:\/\/gs-cms.com\/index.php?rest_route=\/wp\/v2\/users\/11"}],"replies":[{"embeddable":true,"href":"https:\/\/gs-cms.com\/index.php?rest_route=%2Fwp%2Fv2%2Fcomments&post=33"}],"version-history":[{"count":5,"href":"https:\/\/gs-cms.com\/index.php?rest_route=\/wp\/v2\/pages\/33\/revisions"}],"predecessor-version":[{"id":3550,"href":"https:\/\/gs-cms.com\/index.php?rest_route=\/wp\/v2\/pages\/33\/revisions\/3550"}],"up":[{"embeddable":true,"href":"https:\/\/gs-cms.com\/index.php?rest_route=\/wp\/v2\/pages\/11"}],"wp:attachment":[{"href":"https:\/\/gs-cms.com\/index.php?rest_route=%2Fwp%2Fv2%2Fmedia&parent=33"}],"curies":[{"name":"wp","href":"https:\/\/api.w.org\/{rel}","templated":true}]}}