
{"id":2629,"date":"2015-10-09T18:48:42","date_gmt":"2015-10-09T16:48:42","guid":{"rendered":"http:\/\/gs-cms.com\/?page_id=2629"},"modified":"2019-02-02T00:19:02","modified_gmt":"2019-02-01T23:19:02","slug":"terminplanung","status":"publish","type":"page","link":"https:\/\/gs-cms.com\/?page_id=2629","title":{"rendered":"Terminplanung"},"content":{"rendered":"<p>Eines unserer T\u00e4tigkeitsfelder umfasst den Bereich Services und Consulting im Bereich des Projektmanagements von Bauprojekten (z.B. Terminplanung, technisches Controlling).<\/p>\n<p>Wir erstellen Terminpl\u00e4ne als Balkenplan oder mit Netzplantechnik mit MS Project oder Oracle Primavera und unterst\u00fctzen Sie bei der \u00dcberwachung von Terminen und Kosten und dem Fortschreiben der Pl\u00e4ne. Hierf\u00fcr verwenden wir Methoden wie Basispl\u00e4ne, Cost-Loading, Meilensteintrendanalysen, usw.<\/p>\n<p>Ben\u00f6tigen Sie Hilfe beim Erstellen von Netzpl\u00e4nen? Wir erstellen gemeinsam mit Ihnen vertragssichere Terminpl\u00e4ne und unterst\u00fctzen Sie bei Problemen.<\/p>\n<figure id=\"attachment_3461\" aria-describedby=\"caption-attachment-3461\" style=\"width: 300px\" class=\"wp-caption alignleft\"><img loading=\"lazy\" decoding=\"async\" data-attachment-id=\"3461\" data-permalink=\"https:\/\/gs-cms.com\/?attachment_id=3461\" data-orig-file=\"https:\/\/gs-cms.com\/wp-content\/uploads\/MS-Project.jpg\" data-orig-size=\"533,272\" data-comments-opened=\"1\" data-image-meta=\"{&quot;aperture&quot;:&quot;0&quot;,&quot;credit&quot;:&quot;&quot;,&quot;camera&quot;:&quot;&quot;,&quot;caption&quot;:&quot;&quot;,&quot;created_timestamp&quot;:&quot;0&quot;,&quot;copyright&quot;:&quot;&quot;,&quot;focal_length&quot;:&quot;0&quot;,&quot;iso&quot;:&quot;0&quot;,&quot;shutter_speed&quot;:&quot;0&quot;,&quot;title&quot;:&quot;&quot;,&quot;orientation&quot;:&quot;0&quot;}\" data-image-title=\"MS Project\" data-image-description=\"\" data-image-caption=\"&lt;p&gt;MS Project&lt;\/p&gt;\n\" data-large-file=\"https:\/\/gs-cms.com\/wp-content\/uploads\/MS-Project.jpg\" class=\"size-medium wp-image-3461\" src=\"https:\/\/gs-cms.com\/wp-content\/uploads\/MS-Project-300x153.jpg\" alt=\"\" width=\"300\" height=\"153\" srcset=\"https:\/\/gs-cms.com\/wp-content\/uploads\/MS-Project-300x153.jpg 300w, https:\/\/gs-cms.com\/wp-content\/uploads\/MS-Project-200x102.jpg 200w, https:\/\/gs-cms.com\/wp-content\/uploads\/MS-Project-400x204.jpg 400w, https:\/\/gs-cms.com\/wp-content\/uploads\/MS-Project.jpg 533w\" sizes=\"auto, (max-width: 300px) 100vw, 300px\" \/><figcaption id=\"caption-attachment-3461\" class=\"wp-caption-text\">MS Project<\/figcaption><\/figure>\n<figure id=\"attachment_3460\" aria-describedby=\"caption-attachment-3460\" style=\"width: 300px\" class=\"wp-caption alignleft\"><img loading=\"lazy\" decoding=\"async\" data-attachment-id=\"3460\" data-permalink=\"https:\/\/gs-cms.com\/?attachment_id=3460\" data-orig-file=\"https:\/\/gs-cms.com\/wp-content\/uploads\/Primavera-P6.jpg\" data-orig-size=\"533,300\" data-comments-opened=\"1\" data-image-meta=\"{&quot;aperture&quot;:&quot;0&quot;,&quot;credit&quot;:&quot;&quot;,&quot;camera&quot;:&quot;&quot;,&quot;caption&quot;:&quot;&quot;,&quot;created_timestamp&quot;:&quot;0&quot;,&quot;copyright&quot;:&quot;&quot;,&quot;focal_length&quot;:&quot;0&quot;,&quot;iso&quot;:&quot;0&quot;,&quot;shutter_speed&quot;:&quot;0&quot;,&quot;title&quot;:&quot;&quot;,&quot;orientation&quot;:&quot;0&quot;}\" data-image-title=\"Primavera P6\" data-image-description=\"\" data-image-caption=\"&lt;p&gt;Primavera P6&lt;\/p&gt;\n\" data-large-file=\"https:\/\/gs-cms.com\/wp-content\/uploads\/Primavera-P6.jpg\" class=\"size-medium wp-image-3460\" src=\"https:\/\/gs-cms.com\/wp-content\/uploads\/Primavera-P6-300x169.jpg\" alt=\"\" width=\"300\" height=\"169\" srcset=\"https:\/\/gs-cms.com\/wp-content\/uploads\/Primavera-P6-300x169.jpg 300w, https:\/\/gs-cms.com\/wp-content\/uploads\/Primavera-P6-200x113.jpg 200w, https:\/\/gs-cms.com\/wp-content\/uploads\/Primavera-P6-400x225.jpg 400w, https:\/\/gs-cms.com\/wp-content\/uploads\/Primavera-P6.jpg 533w\" sizes=\"auto, (max-width: 300px) 100vw, 300px\" \/><figcaption id=\"caption-attachment-3460\" class=\"wp-caption-text\">Primavera P6<\/figcaption><\/figure>\n<p>&nbsp;<\/p>\n","protected":false},"excerpt":{"rendered":"<p>Eines unserer T\u00e4tigkeitsfelder umfasst den Bereich Services und Consulting im Bereich des Projektmanagements von Bauprojekten (z.B. Terminplanung, technisches Controlling). Wir erstellen Terminpl\u00e4ne als Balkenplan oder mit Netzplantechnik mit MS Project oder Oracle Primavera und unterst\u00fctzen Sie bei der \u00dcberwachung von Terminen und Kosten und dem Fortschreiben der Pl\u00e4ne. Hierf\u00fcr verwenden wir Methoden wie Basispl\u00e4ne, Cost-Loading,&hellip;<\/p>\n","protected":false},"author":11,"featured_media":0,"parent":0,"menu_order":5,"comment_status":"closed","ping_status":"closed","template":"","meta":{"_bbp_topic_count":0,"_bbp_reply_count":0,"_bbp_total_topic_count":0,"_bbp_total_reply_count":0,"_bbp_voice_count":0,"_bbp_anonymous_reply_count":0,"_bbp_topic_count_hidden":0,"_bbp_reply_count_hidden":0,"_bbp_forum_subforum_count":0,"jetpack_post_was_ever_published":false,"footnotes":""},"class_list":["post-2629","page","type-page","status-publish","hentry"],"aioseo_notices":[],"jetpack_sharing_enabled":true,"jetpack-related-posts":[{"id":1832,"url":"https:\/\/gs-cms.com\/?page_id=1832","url_meta":{"origin":2629,"position":0},"title":"Terminplanung","author":"Patrick Schimmel","date":"Samstag, 8. November 2014","format":false,"excerpt":"W\u00fcrden Sie gerne\u00a0Verz\u00f6gerungen und St\u00f6rungen am Bauablauf und die daraus resultierenden Auswirkungen auf andere Termine automatisch berechnen und grafisch darstellen k\u00f6nnen?","rel":"","context":"\u00c4hnlicher Beitrag","block_context":{"text":"\u00c4hnlicher Beitrag","link":""},"img":{"alt_text":"Activity","src":"https:\/\/i0.wp.com\/gs-cms.com\/wp-content\/uploads\/Activity.png?resize=350%2C200&ssl=1","width":350,"height":200},"classes":[]},{"id":1207,"url":"https:\/\/gs-cms.com\/?page_id=1207","url_meta":{"origin":2629,"position":1},"title":"Besprechungen","author":"Patrick Schimmel","date":"Sonntag, 2. M\u00e4rz 2014","format":false,"excerpt":"H\u00e4tten Sie auch gerne ein Tool, mit welchem Sie Besprechungen einfach erfassen und die Abarbeitung der\u00a0Besprechungspunkte nachverfolgen k\u00f6nnen? \u00dcbersicht Fortf\u00fchren Wiederkehrende Besprechungen k\u00f6nnen fortgef\u00fchrt werden, wobei automatisch alle nicht erledigten Punkte \u00fcbernommen werden Historie Die \u00c4nderungshistorie jedes Besprechungspunkts wird einzeln automatisch erfasst Verantwortlichkeiten Eindeutigte Zuordnung der Verantwortlichkeit von Besprechungspunkten zu\u2026","rel":"","context":"In \"Besprechungen\"","block_context":{"text":"Besprechungen","link":"https:\/\/gs-cms.com\/?tag=besprechungen"},"img":{"alt_text":"ArrowRight","src":"https:\/\/i0.wp.com\/gs-cms.com\/wp-content\/uploads\/ArrowRight.png?resize=350%2C200&ssl=1","width":350,"height":200},"classes":[]},{"id":2628,"url":"https:\/\/gs-cms.com\/?page_id=2628","url_meta":{"origin":2629,"position":2},"title":"Softwareentwicklung","author":"Patrick Schimmel","date":"Freitag, 9. Oktober 2015","format":false,"excerpt":"Wir nutzen moderne Methoden und Ans\u00e4tze (z.B. agile Softwareentwicklung), sowie aktuelle Tools der Softwareentwicklung, um die entwickelte Software schnell und kontinuierlich an Markterfordernisse anzupassen. Wir sehen unsere\u00a0Software nicht als einmalig verkauftes Produkt an, sondern als Dienstleistung am Kunden. Neben der Behebung von Fehlern wird unsere\u00a0Software st\u00e4ndig weiterentwickelt und angepasst. Sei\u2026","rel":"","context":"\u00c4hnlicher Beitrag","block_context":{"text":"\u00c4hnlicher Beitrag","link":""},"img":{"alt_text":"dotnet","src":"https:\/\/i0.wp.com\/gs-cms.com\/wp-content\/uploads\/dotnet.png?resize=350%2C200&ssl=1","width":350,"height":200},"classes":[]},{"id":1258,"url":"https:\/\/gs-cms.com\/?page_id=1258","url_meta":{"origin":2629,"position":3},"title":"Erweiterte Konfiguration","author":"Patrick Schimmel","date":"Mittwoch, 14. Mai 2014","format":false,"excerpt":"Grundlegende Funktionen zum Erstellen der Datenbank und dem Benutzen des Config-Tools wurden bereits hier erl\u00e4utert. In diesem Abschnitt werden die erweiterten Funktionen kurz erkl\u00e4rt. Anlegen einer neuen Datenbankverbindung Mit dem Plus-Symbol wird eine neue Verbindung angelegt. Sie k\u00f6nnen beliebig viele Verbindungen anlegen, jeder Client-Rechner kann somit \u00fcber mehrere Verbindungen verf\u00fcgen.\u2026","rel":"","context":"In \"Admin\"","block_context":{"text":"Admin","link":"https:\/\/gs-cms.com\/?tag=admin"},"img":{"alt_text":"Config-Tool","src":"https:\/\/i0.wp.com\/gs-cms.com\/wp-content\/uploads\/Config-Tool-300x245.jpg?resize=350%2C200&ssl=1","width":350,"height":200},"classes":[]},{"id":3005,"url":"https:\/\/gs-cms.com\/?page_id=3005","url_meta":{"origin":2629,"position":4},"title":"Qualit\u00e4tsmanagement","author":"Patrick Schimmel","date":"Samstag, 17. September 2016","format":false,"excerpt":"W\u00fcrden Sie gerne Ihre Qualit\u00e4tspr\u00fcfungen einfacher gestalten und vertragssicher dokumentieren? \u00dcbersicht M\u00e4ngel Anbindung an die M\u00e4ngelverwaltung Strukturierung Einheitliche, modul\u00fcbergreifende Strukturierung der Daten in die Projektebenen \u00a0 \u00a0Pivot Schnelles Bearbeiten von Checklistenpunkten in Pivot-Ansichten Beschreibung Das\u00a0Qualit\u00e4tsmanagement-Modul des Construction Management System CMS\u00a0erm\u00f6glicht es Ihnen auf einfache Weise Checklisten anzulegen und f\u00fcr wiederkehrende\u2026","rel":"","context":"\u00c4hnlicher Beitrag","block_context":{"text":"\u00c4hnlicher Beitrag","link":""},"img":{"alt_text":"Deficiencies","src":"https:\/\/i0.wp.com\/gs-cms.com\/wp-content\/uploads\/Deficiencies.png?resize=350%2C200&ssl=1","width":350,"height":200},"classes":[]},{"id":213,"url":"https:\/\/gs-cms.com\/?page_id=213","url_meta":{"origin":2629,"position":5},"title":"Konfiguration","author":"Patrick Schimmel","date":"Freitag, 6. Dezember 2013","format":false,"excerpt":"Starten des Konfigurationstools Vor dem ersten Einsatz von CMS m\u00fcssen die Verbindungsdaten zu den Servern eingegeben werden. Dies geschieht \u00fcber das Tool CMS.Config.exe, welches bei der Installation von CMS in den Programmordner kopiert wurde. Sie erreichen das Tool auch \u00fcber den entsprechenden Eintrag im Windows-Startmen\u00fc. Bitte starten Sie die Datei\u2026","rel":"","context":"In \"Konfiguration\"","block_context":{"text":"Konfiguration","link":"https:\/\/gs-cms.com\/?tag=konfiguration"},"img":{"alt_text":"Config-Tool","src":"https:\/\/i0.wp.com\/gs-cms.com\/wp-content\/uploads\/Config-Tool-300x245.jpg?resize=350%2C200&ssl=1","width":350,"height":200},"classes":[]}],"_links":{"self":[{"href":"https:\/\/gs-cms.com\/index.php?rest_route=\/wp\/v2\/pages\/2629","targetHints":{"allow":["GET"]}}],"collection":[{"href":"https:\/\/gs-cms.com\/index.php?rest_route=\/wp\/v2\/pages"}],"about":[{"href":"https:\/\/gs-cms.com\/index.php?rest_route=\/wp\/v2\/types\/page"}],"author":[{"embeddable":true,"href":"https:\/\/gs-cms.com\/index.php?rest_route=\/wp\/v2\/users\/11"}],"replies":[{"embeddable":true,"href":"https:\/\/gs-cms.com\/index.php?rest_route=%2Fwp%2Fv2%2Fcomments&post=2629"}],"version-history":[{"count":4,"href":"https:\/\/gs-cms.com\/index.php?rest_route=\/wp\/v2\/pages\/2629\/revisions"}],"predecessor-version":[{"id":3464,"href":"https:\/\/gs-cms.com\/index.php?rest_route=\/wp\/v2\/pages\/2629\/revisions\/3464"}],"wp:attachment":[{"href":"https:\/\/gs-cms.com\/index.php?rest_route=%2Fwp%2Fv2%2Fmedia&parent=2629"}],"curies":[{"name":"wp","href":"https:\/\/api.w.org\/{rel}","templated":true}]}}