
{"id":1304,"date":"2014-05-21T08:42:18","date_gmt":"2014-05-21T06:42:18","guid":{"rendered":"http:\/\/gs-cms.com\/?page_id=1304"},"modified":"2018-10-26T23:24:09","modified_gmt":"2018-10-26T21:24:09","slug":"kontakt","status":"publish","type":"page","link":"https:\/\/gs-cms.com\/?page_id=1304","title":{"rendered":"Kontakt"},"content":{"rendered":"<p>GS Construction Management Services UG (haftungsbeschr\u00e4nkt)<br \/>\nOberer Ro\u00dfr\u00fcck 52<br \/>\n67661 Kaiserslautern<\/p>\n<p>Telefon:\u00a0<span id=\"eeb-565186-705055\"><\/span><script type=\"text\/javascript\">(function() {var ml=\"B06(439%)512\",mi=\"7;0467;13251287;166:99:\",o=\"\";for(var j=0,l=mi.length;j<l;j++) {o+=ml.charAt(mi.charCodeAt(j)-48);}document.getElementById(\"eeb-565186-705055\").innerHTML = decodeURIComponent(o);}());<\/script><noscript>*protected email*<\/noscript><br \/>\nTelefax: <span id=\"eeb-984502-583409\"><\/span><script type=\"text\/javascript\">(function() {var ml=\"05%4)6312B9(\",mi=\"2893:280;56054280::7118\",o=\"\";for(var j=0,l=mi.length;j<l;j++) {o+=ml.charAt(mi.charCodeAt(j)-48);}document.getElementById(\"eeb-984502-583409\").innerHTML = decodeURIComponent(o);}());<\/script><noscript>*protected email*<\/noscript><br \/>\nE-Mail: <a href=\"mailto:info@gs-cms.com\">info@gs-cms.com<\/a><\/p>\n<hr \/>\n<p>Bitte verwenden Sie das folgende\u00a0Formular, um\u00a0uns eine Nachricht zu senden:<\/p>\n<div class=\"wpforms-container wpforms-container-full\" id=\"wpforms-3192\"><form id=\"wpforms-form-3192\" class=\"wpforms-validate wpforms-form\" data-formid=\"3192\" method=\"post\" enctype=\"multipart\/form-data\" action=\"\/index.php?rest_route=%2Fwp%2Fv2%2Fpages%2F1304\" data-token=\"b060d3b8aabe9132b09a7605125a4492\" data-token-time=\"1777535981\"><noscript class=\"wpforms-error-noscript\">Bitte aktiviere JavaScript in deinem Browser, um dieses Formular fertigzustellen.<\/noscript><div class=\"wpforms-field-container\"><div id=\"wpforms-3192-field_0-container\" class=\"wpforms-field wpforms-field-name\" data-field-id=\"0\"><label class=\"wpforms-field-label\" for=\"wpforms-3192-field_0\">Name <span class=\"wpforms-required-label\">*<\/span><\/label><input type=\"text\" id=\"wpforms-3192-field_0\" class=\"wpforms-field-medium wpforms-field-required\" name=\"wpforms[fields][0]\" required><\/div><div id=\"wpforms-3192-field_1-container\" class=\"wpforms-field wpforms-field-email\" data-field-id=\"1\"><label class=\"wpforms-field-label\" for=\"wpforms-3192-field_1\">E-Mail <span class=\"wpforms-required-label\">*<\/span><\/label><input type=\"email\" id=\"wpforms-3192-field_1\" class=\"wpforms-field-medium wpforms-field-required\" name=\"wpforms[fields][1]\" spellcheck=\"false\" required><\/div><div id=\"wpforms-3192-field_2-container\" class=\"wpforms-field wpforms-field-textarea\" data-field-id=\"2\"><label class=\"wpforms-field-label\" for=\"wpforms-3192-field_2\">Kommentar oder Nachricht <span class=\"wpforms-required-label\">*<\/span><\/label><textarea id=\"wpforms-3192-field_2\" class=\"wpforms-field-medium wpforms-field-required\" name=\"wpforms[fields][2]\" required><\/textarea><\/div><div id=\"wpforms-3192-field_3-container\" class=\"wpforms-field wpforms-field-gdpr-checkbox\" data-field-id=\"3\"><label class=\"wpforms-field-label\">GDPR Zustimmung <span class=\"wpforms-required-label\">*<\/span><\/label><ul id=\"wpforms-3192-field_3\" class=\"wpforms-field-required\"><li class=\"choice-1\"><input type=\"checkbox\" id=\"wpforms-3192-field_3_1\" name=\"wpforms[fields][3][]\" value=\"Ich stimme zu, dass die eingegebenen Informationen zum Zwecke der Kontaktaufnahme gespeichert werden.\" required ><label class=\"wpforms-field-label-inline\" for=\"wpforms-3192-field_3_1\">Ich stimme zu, dass die eingegebenen Informationen zum Zwecke der Kontaktaufnahme gespeichert werden.<\/label><\/li><\/ul><div class=\"wpforms-field-description\">Alle eingegebenen Daten werden nur zum Zwecke der Kontaktaufnahme gespeichert, damit Ihre Anfrage beantwortet werden kann. Ihre Daten werden nicht weitergegeben oder zu Werbezwecken verwendet.<\/div><\/div><\/div><!-- .wpforms-field-container --><div class=\"wpforms-field wpforms-field-hp\"><label for=\"wpforms-3192-field-hp\" class=\"wpforms-field-label\">Email<\/label><input type=\"text\" name=\"wpforms[hp]\" id=\"wpforms-3192-field-hp\" class=\"wpforms-field-medium\"><\/div><div class=\"wpforms-recaptcha-container wpforms-is-recaptcha wpforms-is-recaptcha-type-v2\" ><div class=\"g-recaptcha\" data-sitekey=\"6LezpAgTAAAAANGyeXWdPGdRMo4BfPLe9DNolGXP\"><\/div><input type=\"text\" name=\"g-recaptcha-hidden\" class=\"wpforms-recaptcha-hidden\" style=\"position:absolute!important;clip:rect(0,0,0,0)!important;height:1px!important;width:1px!important;border:0!important;overflow:hidden!important;padding:0!important;margin:0!important;\" data-rule-recaptcha=\"1\"><\/div><div class=\"wpforms-submit-container\" ><input type=\"hidden\" name=\"wpforms[id]\" value=\"3192\"><input type=\"hidden\" name=\"page_title\" value=\"\"><input type=\"hidden\" name=\"page_url\" value=\"https:\/\/gs-cms.com\/index.php?rest_route=\/wp\/v2\/pages\/1304\"><input type=\"hidden\" name=\"url_referer\" value=\"\"><button type=\"submit\" name=\"wpforms[submit]\" id=\"wpforms-submit-3192\" class=\"wpforms-submit\" data-alt-text=\"Sende...\" data-submit-text=\"Senden\" aria-live=\"assertive\" value=\"wpforms-submit\">Senden<\/button><\/div><\/form><\/div>  <!-- .wpforms-container -->\n","protected":false},"excerpt":{"rendered":"<p>GS Construction Management Services UG (haftungsbeschr\u00e4nkt) Oberer Ro\u00dfr\u00fcck 52 67661 Kaiserslautern Telefon:\u00a0 Telefax: E-Mail: info@gs-cms.com Bitte verwenden Sie das folgende\u00a0Formular, um\u00a0uns eine Nachricht zu senden:<\/p>\n","protected":false},"author":11,"featured_media":0,"parent":0,"menu_order":14,"comment_status":"closed","ping_status":"closed","template":"","meta":{"_bbp_topic_count":0,"_bbp_reply_count":0,"_bbp_total_topic_count":0,"_bbp_total_reply_count":0,"_bbp_voice_count":0,"_bbp_anonymous_reply_count":0,"_bbp_topic_count_hidden":0,"_bbp_reply_count_hidden":0,"_bbp_forum_subforum_count":0,"jetpack_post_was_ever_published":false,"footnotes":""},"class_list":["post-1304","page","type-page","status-publish","hentry"],"aioseo_notices":[],"jetpack_sharing_enabled":true,"jetpack-related-posts":[{"id":1404,"url":"https:\/\/gs-cms.com\/?page_id=1404","url_meta":{"origin":1304,"position":0},"title":"Impressum","author":"Patrick Schimmel","date":"Samstag, 14. Juni 2014","format":false,"excerpt":"GS Construction Management Services UG (haftungsbeschr\u00e4nkt) Oberer Ro\u00dfr\u00fcck 52 67661 Kaiserslautern Gesch\u00e4ftsf\u00fchrung Dipl.-Ing. Uwe Greiner Kontakt Telefon:\u00a0 Telefax: E-Mail: info@gs-cms.com Registereintrag Sitz der Gesellschaft: Kaiserslautern Registergericht: Amtsgericht Kaiserslautern","rel":"","context":"\u00c4hnlicher Beitrag","block_context":{"text":"\u00c4hnlicher Beitrag","link":""},"img":{"alt_text":"","src":"","width":0,"height":0},"classes":[]},{"id":3239,"url":"https:\/\/gs-cms.com\/?page_id=3239","url_meta":{"origin":1304,"position":1},"title":"Impressum","author":"Patrick Schimmel","date":"Freitag, 16. November 2018","format":false,"excerpt":"GS Construction Management Services UG (haftungsbeschr\u00e4nkt) Oberer Ro\u00dfr\u00fcck 52 67661 Kaiserslautern Gesch\u00e4ftsf\u00fchrung Dipl.-Ing. Uwe Greiner Kontakt Telefon:\u00a0 Telefax: E-Mail: info@gs-cms.com Registereintrag Sitz der Gesellschaft: Kaiserslautern Registergericht: Amtsgericht Kaiserslautern [gzd_complaints]","rel":"","context":"\u00c4hnlicher Beitrag","block_context":{"text":"\u00c4hnlicher Beitrag","link":""},"img":{"alt_text":"","src":"","width":0,"height":0},"classes":[]},{"id":3241,"url":"https:\/\/gs-cms.com\/?page_id=3241","url_meta":{"origin":1304,"position":2},"title":"Widerrufsbelehrung","author":"Patrick Schimmel","date":"Freitag, 16. November 2018","format":false,"excerpt":"Widerrufsrecht Sie haben das Recht, binnen vierzehn Tagen ohne Angabe von Gr\u00fcnden diesen Vertrag zu widerrufen. Die Widerrufsfrist betr\u00e4gt vierzehn Tage ab dem Tag an welchem die Lizenz aktiviert wurde. Um Ihr Widerrufsrecht auszu\u00fcben, m\u00fcssen Sie uns (GS Construction Management Services UG, Oberer Ro\u00dfr\u00fcck 52, 67661 Kaiserslautern, Telefon:\u00a0+49 (6306) 991551,\u00a0E-Mail:\u00a0info@gs-cms.com)\u2026","rel":"","context":"\u00c4hnlicher Beitrag","block_context":{"text":"\u00c4hnlicher Beitrag","link":""},"img":{"alt_text":"","src":"","width":0,"height":0},"classes":[]},{"id":3235,"url":"https:\/\/gs-cms.com\/?page_id=3235","url_meta":{"origin":1304,"position":3},"title":"Warenkorb","author":"Patrick Schimmel","date":"Freitag, 16. November 2018","format":false,"excerpt":"[woocommerce_cart]","rel":"","context":"\u00c4hnlicher Beitrag","block_context":{"text":"\u00c4hnlicher Beitrag","link":""},"img":{"alt_text":"","src":"","width":0,"height":0},"classes":[]},{"id":3236,"url":"https:\/\/gs-cms.com\/?page_id=3236","url_meta":{"origin":1304,"position":4},"title":"Kasse","author":"Patrick Schimmel","date":"Freitag, 16. November 2018","format":false,"excerpt":"[woocommerce_checkout]","rel":"","context":"\u00c4hnlicher Beitrag","block_context":{"text":"\u00c4hnlicher Beitrag","link":""},"img":{"alt_text":"","src":"","width":0,"height":0},"classes":[]},{"id":3242,"url":"https:\/\/gs-cms.com\/?page_id=3242","url_meta":{"origin":1304,"position":5},"title":"Versandarten","author":"Patrick Schimmel","date":"Freitag, 16. November 2018","format":false,"excerpt":"","rel":"","context":"\u00c4hnlicher Beitrag","block_context":{"text":"\u00c4hnlicher Beitrag","link":""},"img":{"alt_text":"","src":"","width":0,"height":0},"classes":[]}],"_links":{"self":[{"href":"https:\/\/gs-cms.com\/index.php?rest_route=\/wp\/v2\/pages\/1304","targetHints":{"allow":["GET"]}}],"collection":[{"href":"https:\/\/gs-cms.com\/index.php?rest_route=\/wp\/v2\/pages"}],"about":[{"href":"https:\/\/gs-cms.com\/index.php?rest_route=\/wp\/v2\/types\/page"}],"author":[{"embeddable":true,"href":"https:\/\/gs-cms.com\/index.php?rest_route=\/wp\/v2\/users\/11"}],"replies":[{"embeddable":true,"href":"https:\/\/gs-cms.com\/index.php?rest_route=%2Fwp%2Fv2%2Fcomments&post=1304"}],"version-history":[{"count":2,"href":"https:\/\/gs-cms.com\/index.php?rest_route=\/wp\/v2\/pages\/1304\/revisions"}],"predecessor-version":[{"id":3194,"href":"https:\/\/gs-cms.com\/index.php?rest_route=\/wp\/v2\/pages\/1304\/revisions\/3194"}],"wp:attachment":[{"href":"https:\/\/gs-cms.com\/index.php?rest_route=%2Fwp%2Fv2%2Fmedia&parent=1304"}],"curies":[{"name":"wp","href":"https:\/\/api.w.org\/{rel}","templated":true}]}}